16.176.175.187 - - [16/Jul/2026:19:08:11 +0000] "GET /test.php HTTP/1.1" 301 0 "-" "Mozilla/5.0 (Windows NT 10.0; Win64; x64) AppleWebKit/537.36 (KHTML, like Gecko) Chrome/131.0.0.0 Safari/537.36"
16.176.175.187 - - [16/Jul/2026:19:08:12 +0000] "GET /test.php HTTP/1.1" 404 17030 "-" "Mozilla/5.0 (Windows NT 10.0; Win64; x64) AppleWebKit/537.36 (KHTML, like Gecko) Chrome/131.0.0.0 Safari/537.36"
16.176.175.187 - - [16/Jul/2026:19:08:13 +0000] "GET /phpinfo HTTP/1.1" 301 0 "-" "Mozilla/5.0 (Windows NT 10.0; Win64; x64) AppleWebKit/537.36 (KHTML, like Gecko) Chrome/131.0.0.0 Safari/537.36"
16.176.175.187 - - [16/Jul/2026:19:08:14 +0000] "GET /phpinfo HTTP/1.1" 404 17030 "-" "Mozilla/5.0 (Windows NT 10.0; Win64; x64) AppleWebKit/537.36 (KHTML, like Gecko) Chrome/131.0.0.0 Safari/537.36"
16.176.175.187 - - [16/Jul/2026:19:08:15 +0000] "GET /p.php HTTP/1.1" 301 0 "-" "Mozilla/5.0 (Windows NT 10.0; Win64; x64) AppleWebKit/537.36 (KHTML, like Gecko) Chrome/131.0.0.0 Safari/537.36"
16.176.175.187 - - [16/Jul/2026:19:08:16 +0000] "GET /p.php HTTP/1.1" 404 17030 "-" "Mozilla/5.0 (Windows NT 10.0; Win64; x64) AppleWebKit/537.36 (KHTML, like Gecko) Chrome/131.0.0.0 Safari/537.36"
16.176.175.187 - - [16/Jul/2026:19:08:17 +0000] "GET /debug.php HTTP/1.1" 301 0 "-" "Mozilla/5.0 (Windows NT 10.0; Win64; x64) AppleWebKit/537.36 (KHTML, like Gecko) Chrome/131.0.0.0 Safari/537.36"
16.176.175.187 - - [16/Jul/2026:19:08:18 +0000] "GET /debug.php HTTP/1.1" 404 17030 "-" "Mozilla/5.0 (Windows NT 10.0; Win64; x64) AppleWebKit/537.36 (KHTML, like Gecko) Chrome/131.0.0.0 Safari/537.36"
16.176.175.187 - - [16/Jul/2026:19:08:19 +0000] "GET /admin/phpinfo.php HTTP/1.1" 301 0 "-" "Mozilla/5.0 (Windows NT 10.0; Win64; x64) AppleWebKit/537.36 (KHTML, like Gecko) Chrome/131.0.0.0 Safari/537.36"
16.176.175.187 - - [16/Jul/2026:19:08:20 +0000] "GET /admin/phpinfo.php HTTP/1.1" 404 17030 "-" "Mozilla/5.0 (Windows NT 10.0; Win64; x64) AppleWebKit/537.36 (KHTML, like Gecko) Chrome/131.0.0.0 Safari/537.36"
16.176.175.187 - - [16/Jul/2026:19:08:21 +0000] "GET /test/phpinfo.php HTTP/1.1" 301 0 "-" "Mozilla/5.0 (Windows NT 10.0; Win64; x64) AppleWebKit/537.36 (KHTML, like Gecko) Chrome/131.0.0.0 Safari/537.36"
16.176.175.187 - - [16/Jul/2026:19:08:22 +0000] "GET /test/phpinfo.php HTTP/1.1" 404 17023 "-" "Mozilla/5.0 (Windows NT 10.0; Win64; x64) AppleWebKit/537.36 (KHTML, like Gecko) Chrome/131.0.0.0 Safari/537.36"
16.176.175.187 - - [16/Jul/2026:19:08:23 +0000] "GET /dev/phpinfo.php HTTP/1.1" 301 0 "-" "Mozilla/5.0 (Windows NT 10.0; Win64; x64) AppleWebKit/537.36 (KHTML, like Gecko) Chrome/131.0.0.0 Safari/537.36"
16.176.175.187 - - [16/Jul/2026:19:08:24 +0000] "GET /dev/phpinfo.php HTTP/1.1" 404 17030 "-" "Mozilla/5.0 (Windows NT 10.0; Win64; x64) AppleWebKit/537.36 (KHTML, like Gecko) Chrome/131.0.0.0 Safari/537.36"
16.176.175.187 - - [16/Jul/2026:19:08:25 +0000] "GET /old/phpinfo.php HTTP/1.1" 301 0 "-" "Mozilla/5.0 (Windows NT 10.0; Win64; x64) AppleWebKit/537.36 (KHTML, like Gecko) Chrome/131.0.0.0 Safari/537.36"
16.176.175.187 - - [16/Jul/2026:19:08:26 +0000] "GET /old/phpinfo.php HTTP/1.1" 404 17030 "-" "Mozilla/5.0 (Windows NT 10.0; Win64; x64) AppleWebKit/537.36 (KHTML, like Gecko) Chrome/131.0.0.0 Safari/537.36"
16.176.175.187 - - [16/Jul/2026:19:08:27 +0000] "GET /tmp/phpinfo.php HTTP/1.1" 301 0 "-" "Mozilla/5.0 (Windows NT 10.0; Win64; x64) AppleWebKit/537.36 (KHTML, like Gecko) Chrome/131.0.0.0 Safari/537.36"
16.176.175.187 - - [16/Jul/2026:19:08:28 +0000] "GET /tmp/phpinfo.php HTTP/1.1" 404 17030 "-" "Mozilla/5.0 (Windows NT 10.0; Win64; x64) AppleWebKit/537.36 (KHTML, like Gecko) Chrome/131.0.0.0 Safari/537.36"
16.176.175.187 - - [16/Jul/2026:19:08:29 +0000] "GET /public/phpinfo.php HTTP/1.1" 301 0 "-" "Mozilla/5.0 (Windows NT 10.0; Win64; x64) AppleWebKit/537.36 (KHTML, like Gecko) Chrome/131.0.0.0 Safari/537.36"
209.42.27.148 - - [16/Jul/2026:19:08:31 +0000] "POST /wp-cron.php?doing_wp_cron=1784228911.1194829940795898437500 HTTP/1.1" 200 0 "-" "WordPress/7.0.1; https://wilson.everestpeakgrowth.com"
16.176.175.187 - - [16/Jul/2026:19:08:30 +0000] "GET /public/phpinfo.php HTTP/1.1" 404 17030 "-" "Mozilla/5.0 (Windows NT 10.0; Win64; x64) AppleWebKit/537.36 (KHTML, like Gecko) Chrome/131.0.0.0 Safari/537.36"
16.176.175.187 - - [16/Jul/2026:19:08:31 +0000] "GET /info HTTP/1.1" 301 0 "-" "Mozilla/5.0 (Windows NT 10.0; Win64; x64) AppleWebKit/537.36 (KHTML, like Gecko) Chrome/131.0.0.0 Safari/537.36"
16.176.175.187 - - [16/Jul/2026:19:08:32 +0000] "GET /info HTTP/1.1" 404 17030 "-" "Mozilla/5.0 (Windows NT 10.0; Win64; x64) AppleWebKit/537.36 (KHTML, like Gecko) Chrome/131.0.0.0 Safari/537.36"
16.176.175.187 - - [16/Jul/2026:19:08:33 +0000] "GET /php-info.php HTTP/1.1" 301 0 "-" "Mozilla/5.0 (Windows NT 10.0; Win64; x64) AppleWebKit/537.36 (KHTML, like Gecko) Chrome/131.0.0.0 Safari/537.36"
16.176.175.187 - - [16/Jul/2026:19:08:34 +0000] "GET /php-info.php HTTP/1.1" 404 17030 "-" "Mozilla/5.0 (Windows NT 10.0; Win64; x64) AppleWebKit/537.36 (KHTML, like Gecko) Chrome/131.0.0.0 Safari/537.36"
16.176.175.187 - - [16/Jul/2026:19:08:35 +0000] "GET /phpversion.php HTTP/1.1" 301 0 "-" "Mozilla/5.0 (Windows NT 10.0; Win64; x64) AppleWebKit/537.36 (KHTML, like Gecko) Chrome/131.0.0.0 Safari/537.36"
16.176.175.187 - - [16/Jul/2026:19:08:36 +0000] "GET /phpversion.php HTTP/1.1" 404 17030 "-" "Mozilla/5.0 (Windows NT 10.0; Win64; x64) AppleWebKit/537.36 (KHTML, like Gecko) Chrome/131.0.0.0 Safari/537.36"
16.176.175.187 - - [16/Jul/2026:19:08:37 +0000] "GET /_phpinfo.php HTTP/1.1" 301 0 "-" "Mozilla/5.0 (Windows NT 10.0; Win64; x64) AppleWebKit/537.36 (KHTML, like Gecko) Chrome/131.0.0.0 Safari/537.36"
16.176.175.187 - - [16/Jul/2026:19:08:37 +0000] "GET /_phpinfo.php HTTP/1.1" 404 17030 "-" "Mozilla/5.0 (Windows NT 10.0; Win64; x64) AppleWebKit/537.36 (KHTML, like Gecko) Chrome/131.0.0.0 Safari/537.36"
16.176.175.187 - - [16/Jul/2026:19:08:39 +0000] "GET /old_phpinfo.php HTTP/1.1" 301 0 "-" "Mozilla/5.0 (Windows NT 10.0; Win64; x64) AppleWebKit/537.36 (KHTML, like Gecko) Chrome/131.0.0.0 Safari/537.36"
16.176.175.187 - - [16/Jul/2026:19:08:39 +0000] "GET /old_phpinfo.php HTTP/1.1" 404 17030 "-" "Mozilla/5.0 (Windows NT 10.0; Win64; x64) AppleWebKit/537.36 (KHTML, like Gecko) Chrome/131.0.0.0 Safari/537.36"
16.176.175.187 - - [16/Jul/2026:19:08:41 +0000] "GET /server-info.php HTTP/1.1" 301 0 "-" "Mozilla/5.0 (Windows NT 10.0; Win64; x64) AppleWebKit/537.36 (KHTML, like Gecko) Chrome/131.0.0.0 Safari/537.36"
16.176.175.187 - - [16/Jul/2026:19:08:41 +0000] "GET /server-info.php HTTP/1.1" 404 17030 "-" "Mozilla/5.0 (Windows NT 10.0; Win64; x64) AppleWebKit/537.36 (KHTML, like Gecko) Chrome/131.0.0.0 Safari/537.36"
16.176.175.187 - - [16/Jul/2026:19:08:42 +0000] "GET /server-status.php HTTP/1.1" 301 0 "-" "Mozilla/5.0 (Windows NT 10.0; Win64; x64) AppleWebKit/537.36 (KHTML, like Gecko) Chrome/131.0.0.0 Safari/537.36"
16.176.175.187 - - [16/Jul/2026:19:08:43 +0000] "GET /server-status.php HTTP/1.1" 404 17030 "-" "Mozilla/5.0 (Windows NT 10.0; Win64; x64) AppleWebKit/537.36 (KHTML, like Gecko) Chrome/131.0.0.0 Safari/537.36"
16.176.175.187 - - [16/Jul/2026:19:08:44 +0000] "GET /_profiler/phpinfo HTTP/1.1" 301 0 "-" "Mozilla/5.0 (Windows NT 10.0; Win64; x64) AppleWebKit/537.36 (KHTML, like Gecko) Chrome/131.0.0.0 Safari/537.36"
16.176.175.187 - - [16/Jul/2026:19:08:45 +0000] "GET /_profiler/phpinfo HTTP/1.1" 404 17030 "-" "Mozilla/5.0 (Windows NT 10.0; Win64; x64) AppleWebKit/537.36 (KHTML, like Gecko) Chrome/131.0.0.0 Safari/537.36"
16.176.175.187 - - [16/Jul/2026:19:08:46 +0000] "GET /_environment HTTP/1.1" 301 0 "-" "Mozilla/5.0 (Windows NT 10.0; Win64; x64) AppleWebKit/537.36 (KHTML, like Gecko) Chrome/131.0.0.0 Safari/537.36"
16.176.175.187 - - [16/Jul/2026:19:08:47 +0000] "GET /_environment HTTP/1.1" 404 17030 "-" "Mozilla/5.0 (Windows NT 10.0; Win64; x64) AppleWebKit/537.36 (KHTML, like Gecko) Chrome/131.0.0.0 Safari/537.36"
16.176.175.187 - - [16/Jul/2026:19:08:49 +0000] "GET /webroot/index.php/_environment HTTP/1.1" 301 0 "-" "Mozilla/5.0 (Windows NT 10.0; Win64; x64) AppleWebKit/537.36 (KHTML, like Gecko) Chrome/131.0.0.0 Safari/537.36"
16.176.175.187 - - [16/Jul/2026:19:08:49 +0000] "GET /webroot/_environment HTTP/1.1" 404 17030 "-" "Mozilla/5.0 (Windows NT 10.0; Win64; x64) AppleWebKit/537.36 (KHTML, like Gecko) Chrome/131.0.0.0 Safari/537.36"
16.176.175.187 - - [16/Jul/2026:19:08:51 +0000] "GET /mail/phpinfo.php HTTP/1.1" 301 0 "-" "Mozilla/5.0 (Windows NT 10.0; Win64; x64) AppleWebKit/537.36 (KHTML, like Gecko) Chrome/131.0.0.0 Safari/537.36"
16.176.175.187 - - [16/Jul/2026:19:08:51 +0000] "GET /mail/phpinfo.php HTTP/1.1" 404 17030 "-" "Mozilla/5.0 (Windows NT 10.0; Win64; x64) AppleWebKit/537.36 (KHTML, like Gecko) Chrome/131.0.0.0 Safari/537.36"
16.176.175.187 - - [16/Jul/2026:19:08:53 +0000] "GET /cpanel/phpinfo.php HTTP/1.1" 301 0 "-" "Mozilla/5.0 (Windows NT 10.0; Win64; x64) AppleWebKit/537.36 (KHTML, like Gecko) Chrome/131.0.0.0 Safari/537.36"
16.176.175.187 - - [16/Jul/2026:19:08:53 +0000] "GET /cpanel/phpinfo.php HTTP/1.1" 404 17030 "-" "Mozilla/5.0 (Windows NT 10.0; Win64; x64) AppleWebKit/537.36 (KHTML, like Gecko) Chrome/131.0.0.0 Safari/537.36"
16.176.175.187 - - [16/Jul/2026:19:08:54 +0000] "GET /hosting/phpinfo.php HTTP/1.1" 301 0 "-" "Mozilla/5.0 (Windows NT 10.0; Win64; x64) AppleWebKit/537.36 (KHTML, like Gecko) Chrome/131.0.0.0 Safari/537.36"
16.176.175.187 - - [16/Jul/2026:19:08:55 +0000] "GET /hosting/phpinfo.php HTTP/1.1" 404 17030 "-" "Mozilla/5.0 (Windows NT 10.0; Win64; x64) AppleWebKit/537.36 (KHTML, like Gecko) Chrome/131.0.0.0 Safari/537.36"
16.176.175.187 - - [16/Jul/2026:19:08:56 +0000] "GET /webmail/phpinfo.php HTTP/1.1" 200 13608 "-" "Mozilla/5.0 (Windows NT 10.0; Win64; x64) AppleWebKit/537.36 (KHTML, like Gecko) Chrome/131.0.0.0 Safari/537.36"
16.176.175.187 - - [16/Jul/2026:19:08:57 +0000] "GET /smtp/phpinfo.php HTTP/1.1" 301 0 "-" "Mozilla/5.0 (Windows NT 10.0; Win64; x64) AppleWebKit/537.36 (KHTML, like Gecko) Chrome/131.0.0.0 Safari/537.36"
16.176.175.187 - - [16/Jul/2026:19:08:58 +0000] "GET /smtp/phpinfo.php HTTP/1.1" 404 17030 "-" "Mozilla/5.0 (Windows NT 10.0; Win64; x64) AppleWebKit/537.36 (KHTML, like Gecko) Chrome/131.0.0.0 Safari/537.36"
16.176.175.187 - - [16/Jul/2026:19:08:59 +0000] "GET /phpinfo.php.bak HTTP/1.1" 301 0 "-" "Mozilla/5.0 (Windows NT 10.0; Win64; x64) AppleWebKit/537.36 (KHTML, like Gecko) Chrome/131.0.0.0 Safari/537.36"
16.176.175.187 - - [16/Jul/2026:19:09:00 +0000] "GET /phpinfo.php.bak HTTP/1.1" 404 17030 "-" "Mozilla/5.0 (Windows NT 10.0; Win64; x64) AppleWebKit/537.36 (KHTML, like Gecko) Chrome/131.0.0.0 Safari/537.36"
16.176.175.187 - - [16/Jul/2026:19:09:01 +0000] "GET /phpinfo.php.old HTTP/1.1" 301 0 "-" "Mozilla/5.0 (Windows NT 10.0; Win64; x64) AppleWebKit/537.36 (KHTML, like Gecko) Chrome/131.0.0.0 Safari/537.36"
16.176.175.187 - - [16/Jul/2026:19:09:02 +0000] "GET /phpinfo.php.old HTTP/1.1" 404 17030 "-" "Mozilla/5.0 (Windows NT 10.0; Win64; x64) AppleWebKit/537.36 (KHTML, like Gecko) Chrome/131.0.0.0 Safari/537.36"
16.176.175.187 - - [16/Jul/2026:19:09:03 +0000] "GET /phpinfo.php~ HTTP/1.1" 301 0 "-" "Mozilla/5.0 (Windows NT 10.0; Win64; x64) AppleWebKit/537.36 (KHTML, like Gecko) Chrome/131.0.0.0 Safari/537.36"
16.176.175.187 - - [16/Jul/2026:19:09:04 +0000] "GET /phpinfo.php~ HTTP/1.1" 404 17030 "-" "Mozilla/5.0 (Windows NT 10.0; Win64; x64) AppleWebKit/537.36 (KHTML, like Gecko) Chrome/131.0.0.0 Safari/537.36"
16.176.175.187 - - [16/Jul/2026:19:09:05 +0000] "GET /info.php.bak HTTP/1.1" 301 0 "-" "Mozilla/5.0 (Windows NT 10.0; Win64; x64) AppleWebKit/537.36 (KHTML, like Gecko) Chrome/131.0.0.0 Safari/537.36"
16.176.175.187 - - [16/Jul/2026:19:09:06 +0000] "GET /info.php.bak HTTP/1.1" 404 17030 "-" "Mozilla/5.0 (Windows NT 10.0; Win64; x64) AppleWebKit/537.36 (KHTML, like Gecko) Chrome/131.0.0.0 Safari/537.36"
16.176.175.187 - - [16/Jul/2026:19:09:07 +0000] "GET /phpinfo.php.save HTTP/1.1" 301 0 "-" "Mozilla/5.0 (Windows NT 10.0; Win64; x64) AppleWebKit/537.36 (KHTML, like Gecko) Chrome/131.0.0.0 Safari/537.36"
16.176.175.187 - - [16/Jul/2026:19:09:08 +0000] "GET /phpinfo.php.save HTTP/1.1" 404 17030 "-" "Mozilla/5.0 (Windows NT 10.0; Win64; x64) AppleWebKit/537.36 (KHTML, like Gecko) Chrome/131.0.0.0 Safari/537.36"
16.176.175.187 - - [16/Jul/2026:19:09:09 +0000] "GET /staging/phpinfo.php HTTP/1.1" 301 0 "-" "Mozilla/5.0 (Windows NT 10.0; Win64; x64) AppleWebKit/537.36 (KHTML, like Gecko) Chrome/131.0.0.0 Safari/537.36"
16.176.175.187 - - [16/Jul/2026:19:09:10 +0000] "GET /staging/phpinfo.php HTTP/1.1" 404 17030 "-" "Mozilla/5.0 (Windows NT 10.0; Win64; x64) AppleWebKit/537.36 (KHTML, like Gecko) Chrome/131.0.0.0 Safari/537.36"
16.176.175.187 - - [16/Jul/2026:19:09:11 +0000] "GET /beta/phpinfo.php HTTP/1.1" 301 0 "-" "Mozilla/5.0 (Windows NT 10.0; Win64; x64) AppleWebKit/537.36 (KHTML, like Gecko) Chrome/131.0.0.0 Safari/537.36"
16.176.175.187 - - [16/Jul/2026:19:09:12 +0000] "GET /beta/phpinfo.php HTTP/1.1" 404 17030 "-" "Mozilla/5.0 (Windows NT 10.0; Win64; x64) AppleWebKit/537.36 (KHTML, like Gecko) Chrome/131.0.0.0 Safari/537.36"
16.176.175.187 - - [16/Jul/2026:19:09:13 +0000] "GET /uat/phpinfo.php HTTP/1.1" 301 0 "-" "Mozilla/5.0 (Windows NT 10.0; Win64; x64) AppleWebKit/537.36 (KHTML, like Gecko) Chrome/131.0.0.0 Safari/537.36"
16.176.175.187 - - [16/Jul/2026:19:09:14 +0000] "GET /uat/phpinfo.php HTTP/1.1" 404 17030 "-" "Mozilla/5.0 (Windows NT 10.0; Win64; x64) AppleWebKit/537.36 (KHTML, like Gecko) Chrome/131.0.0.0 Safari/537.36"
16.176.175.187 - - [16/Jul/2026:19:09:15 +0000] "GET /qa/phpinfo.php HTTP/1.1" 301 0 "-" "Mozilla/5.0 (Windows NT 10.0; Win64; x64) AppleWebKit/537.36 (KHTML, like Gecko) Chrome/131.0.0.0 Safari/537.36"
16.176.175.187 - - [16/Jul/2026:19:09:16 +0000] "GET /qa/phpinfo.php HTTP/1.1" 404 17030 "-" "Mozilla/5.0 (Windows NT 10.0; Win64; x64) AppleWebKit/537.36 (KHTML, like Gecko) Chrome/131.0.0.0 Safari/537.36"
16.176.175.187 - - [16/Jul/2026:19:09:17 +0000] "GET /preview/phpinfo.php HTTP/1.1" 301 0 "-" "Mozilla/5.0 (Windows NT 10.0; Win64; x64) AppleWebKit/537.36 (KHTML, like Gecko) Chrome/131.0.0.0 Safari/537.36"
16.176.175.187 - - [16/Jul/2026:19:09:17 +0000] "GET /preview/phpinfo.php HTTP/1.1" 404 17030 "-" "Mozilla/5.0 (Windows NT 10.0; Win64; x64) AppleWebKit/537.36 (KHTML, like Gecko) Chrome/131.0.0.0 Safari/537.36"
16.176.175.187 - - [16/Jul/2026:19:09:19 +0000] "GET /www/phpinfo.php HTTP/1.1" 301 0 "-" "Mozilla/5.0 (Windows NT 10.0; Win64; x64) AppleWebKit/537.36 (KHTML, like Gecko) Chrome/131.0.0.0 Safari/537.36"
16.176.175.187 - - [16/Jul/2026:19:09:19 +0000] "GET /www/phpinfo.php HTTP/1.1" 404 17030 "-" "Mozilla/5.0 (Windows NT 10.0; Win64; x64) AppleWebKit/537.36 (KHTML, like Gecko) Chrome/131.0.0.0 Safari/537.36"
16.176.175.187 - - [16/Jul/2026:19:09:21 +0000] "GET /htdocs/phpinfo.php HTTP/1.1" 301 0 "-" "Mozilla/5.0 (Windows NT 10.0; Win64; x64) AppleWebKit/537.36 (KHTML, like Gecko) Chrome/131.0.0.0 Safari/537.36"
16.176.175.187 - - [16/Jul/2026:19:09:21 +0000] "GET /htdocs/phpinfo.php HTTP/1.1" 404 17030 "-" "Mozilla/5.0 (Windows NT 10.0; Win64; x64) AppleWebKit/537.36 (KHTML, like Gecko) Chrome/131.0.0.0 Safari/537.36"
16.176.175.187 - - [16/Jul/2026:19:09:23 +0000] "GET /public_html/phpinfo.php HTTP/1.1" 301 0 "-" "Mozilla/5.0 (Windows NT 10.0; Win64; x64) AppleWebKit/537.36 (KHTML, like Gecko) Chrome/131.0.0.0 Safari/537.36"
16.176.175.187 - - [16/Jul/2026:19:09:23 +0000] "GET /public_html/phpinfo.php HTTP/1.1" 404 17030 "-" "Mozilla/5.0 (Windows NT 10.0; Win64; x64) AppleWebKit/537.36 (KHTML, like Gecko) Chrome/131.0.0.0 Safari/537.36"
16.176.175.187 - - [16/Jul/2026:19:09:25 +0000] "GET /site/phpinfo.php HTTP/1.1" 301 0 "-" "Mozilla/5.0 (Windows NT 10.0; Win64; x64) AppleWebKit/537.36 (KHTML, like Gecko) Chrome/131.0.0.0 Safari/537.36"
16.176.175.187 - - [16/Jul/2026:19:09:25 +0000] "GET /site/phpinfo.php HTTP/1.1" 404 17030 "-" "Mozilla/5.0 (Windows NT 10.0; Win64; x64) AppleWebKit/537.36 (KHTML, like Gecko) Chrome/131.0.0.0 Safari/537.36"
16.176.175.187 - - [16/Jul/2026:19:09:26 +0000] "GET /docs/phpinfo.php HTTP/1.1" 301 0 "-" "Mozilla/5.0 (Windows NT 10.0; Win64; x64) AppleWebKit/537.36 (KHTML, like Gecko) Chrome/131.0.0.0 Safari/537.36"
16.176.175.187 - - [16/Jul/2026:19:09:27 +0000] "GET /docs/phpinfo.php HTTP/1.1" 404 17030 "-" "Mozilla/5.0 (Windows NT 10.0; Win64; x64) AppleWebKit/537.36 (KHTML, like Gecko) Chrome/131.0.0.0 Safari/537.36"
16.176.175.187 - - [16/Jul/2026:19:09:28 +0000] "GET /wp-admin/phpinfo.php HTTP/1.1" 301 0 "-" "Mozilla/5.0 (Windows NT 10.0; Win64; x64) AppleWebKit/537.36 (KHTML, like Gecko) Chrome/131.0.0.0 Safari/537.36"
209.42.27.148 - - [16/Jul/2026:19:09:30 +0000] "POST /wp-cron.php?doing_wp_cron=1784228970.5329120159149169921875 HTTP/1.1" 200 0 "-" "WordPress/7.0.1; https://wilson.everestpeakgrowth.com"
16.176.175.187 - - [16/Jul/2026:19:09:29 +0000] "GET /wp-admin/phpinfo.php HTTP/1.1" 404 17030 "-" "Mozilla/5.0 (Windows NT 10.0; Win64; x64) AppleWebKit/537.36 (KHTML, like Gecko) Chrome/131.0.0.0 Safari/537.36"
16.176.175.187 - - [16/Jul/2026:19:09:30 +0000] "GET /administrator/phpinfo.php HTTP/1.1" 301 0 "-" "Mozilla/5.0 (Windows NT 10.0; Win64; x64) AppleWebKit/537.36 (KHTML, like Gecko) Chrome/131.0.0.0 Safari/537.36"
16.176.175.187 - - [16/Jul/2026:19:09:31 +0000] "GET /administrator/phpinfo.php HTTP/1.1" 404 17030 "-" "Mozilla/5.0 (Windows NT 10.0; Win64; x64) AppleWebKit/537.36 (KHTML, like Gecko) Chrome/131.0.0.0 Safari/537.36"
16.176.175.187 - - [16/Jul/2026:19:09:32 +0000] "GET /core/phpinfo.php HTTP/1.1" 301 0 "-" "Mozilla/5.0 (Windows NT 10.0; Win64; x64) AppleWebKit/537.36 (KHTML, like Gecko) Chrome/131.0.0.0 Safari/537.36"
16.176.175.187 - - [16/Jul/2026:19:09:33 +0000] "GET /core/phpinfo.php HTTP/1.1" 404 17030 "-" "Mozilla/5.0 (Windows NT 10.0; Win64; x64) AppleWebKit/537.36 (KHTML, like Gecko) Chrome/131.0.0.0 Safari/537.36"
16.176.175.187 - - [16/Jul/2026:19:09:34 +0000] "GET /includes/phpinfo.php HTTP/1.1" 301 0 "-" "Mozilla/5.0 (Windows NT 10.0; Win64; x64) AppleWebKit/537.36 (KHTML, like Gecko) Chrome/131.0.0.0 Safari/537.36"
16.176.175.187 - - [16/Jul/2026:19:09:35 +0000] "GET /includes/phpinfo.php HTTP/1.1" 404 17030 "-" "Mozilla/5.0 (Windows NT 10.0; Win64; x64) AppleWebKit/537.36 (KHTML, like Gecko) Chrome/131.0.0.0 Safari/537.36"
216.73.216.11 - - [16/Jul/2026:19:22:56 +0000] "GET /robots.txt HTTP/2" 200 146 "-" "Mozilla/5.0 AppleWebKit/537.36 (KHTML, like Gecko; compatible; ClaudeBot/1.0; +claudebot@anthropic.com)"
216.73.216.11 - - [16/Jul/2026:19:22:57 +0000] "GET /sitemap521.xml HTTP/2" 404 14542 "-" "Mozilla/5.0 AppleWebKit/537.36 (KHTML, like Gecko; compatible; ClaudeBot/1.0; +claudebot@anthropic.com)"
209.42.27.148 - - [16/Jul/2026:19:22:58 +0000] "POST /wp-cron.php?doing_wp_cron=1784229778.1908569335937500000000 HTTP/1.1" 200 0 "-" "WordPress/7.0.1; https://wilson.everestpeakgrowth.com"
216.73.216.11 - - [16/Jul/2026:19:23:46 +0000] "GET /sitemap563.xml HTTP/2" 404 14542 "-" "Mozilla/5.0 AppleWebKit/537.36 (KHTML, like Gecko; compatible; ClaudeBot/1.0; +claudebot@anthropic.com)"
209.42.27.148 - - [16/Jul/2026:19:23:48 +0000] "POST /wp-cron.php?doing_wp_cron=1784229827.8289101123809814453125 HTTP/1.1" 200 0 "-" "WordPress/7.0.1; https://wilson.everestpeakgrowth.com"
216.73.216.11 - - [16/Jul/2026:19:23:51 +0000] "GET /sitemap228.xml HTTP/2" 404 14543 "-" "Mozilla/5.0 AppleWebKit/537.36 (KHTML, like Gecko; compatible; ClaudeBot/1.0; +claudebot@anthropic.com)"
216.73.216.11 - - [16/Jul/2026:19:23:51 +0000] "GET /sitemap627.xml HTTP/2" 404 14543 "-" "Mozilla/5.0 AppleWebKit/537.36 (KHTML, like Gecko; compatible; ClaudeBot/1.0; +claudebot@anthropic.com)"
190.106.185.181 - - [16/Jul/2026:19:24:54 +0000] "GET /wp-content/plugins/elementor/assets/css/widget-icon-list.min.css HTTP/2" 200 861 "http://wilson.everestpeakgrowth.com/" "Mozilla/5.0 (iPhone; CPU iPhone OS 11_0 like Mac OS X) AppleWebKit/537.36 (KHTML, like Gecko) Chrome/45.0.9346.1779 Mobile Safari/537.36"
190.106.185.181 - - [16/Jul/2026:19:24:54 +0000] "GET /wp-content/plugins/elementor/assets/css/widget-icon-box.min.css HTTP/2" 200 651 "http://wilson.everestpeakgrowth.com/" "Mozilla/5.0 (iPhone; CPU iPhone OS 11_0 like Mac OS X) AppleWebKit/537.36 (KHTML, like Gecko) Chrome/45.0.9346.1779 Mobile Safari/537.36"
190.106.185.181 - - [16/Jul/2026:19:24:58 +0000] "GET /wp-content/plugins/elementor-pro/assets/css/widget-nav-menu.min.css HTTP/2" 200 3240 "http://wilson.everestpeakgrowth.com/" "Mozilla/5.0 (iPhone; CPU iPhone OS 11_0 like Mac OS X) AppleWebKit/537.36 (KHTML, like Gecko) Chrome/45.0.9346.1779 Mobile Safari/537.36"
190.106.185.181 - - [16/Jul/2026:19:24:59 +0000] "GET /wp-content/uploads/2024/03/3.png HTTP/2" 206 500 "http://wilson.everestpeakgrowth.com/" "Mozilla/5.0 (iPhone; CPU iPhone OS 11_0 like Mac OS X) AppleWebKit/537.36 (KHTML, like Gecko) Chrome/45.0.9346.1779 Mobile Safari/537.36"
216.73.216.11 - - [16/Jul/2026:19:25:16 +0000] "GET /sitemap435.xml HTTP/2" 404 14543 "-" "Mozilla/5.0 AppleWebKit/537.36 (KHTML, like Gecko; compatible; ClaudeBot/1.0; +claudebot@anthropic.com)"
209.42.27.148 - - [16/Jul/2026:19:25:18 +0000] "POST /wp-cron.php?doing_wp_cron=1784229917.9116029739379882812500 HTTP/1.1" 200 0 "-" "WordPress/7.0.1; https://wilson.everestpeakgrowth.com"
216.73.216.11 - - [16/Jul/2026:19:25:16 +0000] "GET /sitemap841.xml HTTP/2" 404 14543 "-" "Mozilla/5.0 AppleWebKit/537.36 (KHTML, like Gecko; compatible; ClaudeBot/1.0; +claudebot@anthropic.com)"
209.42.27.148 - - [16/Jul/2026:19:26:56 +0000] "POST /wp-cron.php?doing_wp_cron=1784230016.1720349788665771484375 HTTP/1.1" 200 0 "-" "WordPress/7.0.1; https://wilson.everestpeakgrowth.com"
216.73.216.11 - - [16/Jul/2026:19:26:55 +0000] "GET /sitemap.xml HTTP/2" 301 0 "-" "Mozilla/5.0 AppleWebKit/537.36 (KHTML, like Gecko; compatible; ClaudeBot/1.0; +claudebot@anthropic.com)"
216.73.216.11 - - [16/Jul/2026:19:26:56 +0000] "GET /sitemap_index.xml HTTP/2" 200 272 "https://wilson.everestpeakgrowth.com/sitemap.xml" "Mozilla/5.0 AppleWebKit/537.36 (KHTML, like Gecko; compatible; ClaudeBot/1.0; +claudebot@anthropic.com)"
209.42.27.148 - - [16/Jul/2026:19:27:39 +0000] "POST /wp-cron.php?doing_wp_cron=1784230059.7245149612426757812500 HTTP/1.1" 200 0 "-" "WordPress/7.0.1; https://wilson.everestpeakgrowth.com"
216.73.216.11 - - [16/Jul/2026:19:27:38 +0000] "GET /sitemap734.xml HTTP/2" 404 14543 "-" "Mozilla/5.0 AppleWebKit/537.36 (KHTML, like Gecko; compatible; ClaudeBot/1.0; +claudebot@anthropic.com)"
216.73.216.11 - - [16/Jul/2026:19:27:52 +0000] "GET /sitemap743.xml HTTP/2" 404 14543 "-" "Mozilla/5.0 AppleWebKit/537.36 (KHTML, like Gecko; compatible; ClaudeBot/1.0; +claudebot@anthropic.com)"
216.73.216.11 - - [16/Jul/2026:19:28:07 +0000] "GET /sitemap811.xml HTTP/2" 404 14543 "-" "Mozilla/5.0 AppleWebKit/537.36 (KHTML, like Gecko; compatible; ClaudeBot/1.0; +claudebot@anthropic.com)"
216.73.216.11 - - [16/Jul/2026:19:28:49 +0000] "GET /sitemap781.xml HTTP/2" 404 14542 "-" "Mozilla/5.0 AppleWebKit/537.36 (KHTML, like Gecko; compatible; ClaudeBot/1.0; +claudebot@anthropic.com)"
209.42.27.148 - - [16/Jul/2026:19:28:51 +0000] "POST /wp-cron.php?doing_wp_cron=1784230130.7463250160217285156250 HTTP/1.1" 200 0 "-" "WordPress/7.0.1; https://wilson.everestpeakgrowth.com"
216.73.216.11 - - [16/Jul/2026:19:29:23 +0000] "GET /sitemap823.xml HTTP/2" 404 14543 "-" "Mozilla/5.0 AppleWebKit/537.36 (KHTML, like Gecko; compatible; ClaudeBot/1.0; +claudebot@anthropic.com)"
216.73.216.11 - - [16/Jul/2026:19:29:56 +0000] "GET /sitemap585.xml HTTP/2" 404 14542 "-" "Mozilla/5.0 AppleWebKit/537.36 (KHTML, like Gecko; compatible; ClaudeBot/1.0; +claudebot@anthropic.com)"
209.42.27.148 - - [16/Jul/2026:19:29:57 +0000] "POST /wp-cron.php?doing_wp_cron=1784230197.3163859844207763671875 HTTP/1.1" 200 0 "-" "WordPress/7.0.1; https://wilson.everestpeakgrowth.com"
216.73.216.11 - - [16/Jul/2026:19:30:02 +0000] "GET /sitemap310.xml HTTP/2" 404 14543 "-" "Mozilla/5.0 AppleWebKit/537.36 (KHTML, like Gecko; compatible; ClaudeBot/1.0; +claudebot@anthropic.com)"
216.73.216.11 - - [16/Jul/2026:19:30:25 +0000] "GET /sitemap425.xml HTTP/2" 404 14543 "-" "Mozilla/5.0 AppleWebKit/537.36 (KHTML, like Gecko; compatible; ClaudeBot/1.0; +claudebot@anthropic.com)"
216.73.216.11 - - [16/Jul/2026:19:30:40 +0000] "GET /sitemap550.xml HTTP/2" 404 14542 "-" "Mozilla/5.0 AppleWebKit/537.36 (KHTML, like Gecko; compatible; ClaudeBot/1.0; +claudebot@anthropic.com)"
209.42.27.148 - - [16/Jul/2026:19:30:41 +0000] "POST /wp-cron.php?doing_wp_cron=1784230241.0534760951995849609375 HTTP/1.1" 200 0 "-" "WordPress/7.0.1; https://wilson.everestpeakgrowth.com"
216.73.216.11 - - [16/Jul/2026:19:32:59 +0000] "GET /sitemap625.xml HTTP/2" 404 14542 "-" "Mozilla/5.0 AppleWebKit/537.36 (KHTML, like Gecko; compatible; ClaudeBot/1.0; +claudebot@anthropic.com)"
209.42.27.148 - - [16/Jul/2026:19:33:01 +0000] "POST /wp-cron.php?doing_wp_cron=1784230380.8231379985809326171875 HTTP/1.1" 200 0 "-" "WordPress/7.0.1; https://wilson.everestpeakgrowth.com"
216.73.216.11 - - [16/Jul/2026:19:33:11 +0000] "GET /sitemap319.xml HTTP/2" 404 14543 "-" "Mozilla/5.0 AppleWebKit/537.36 (KHTML, like Gecko; compatible; ClaudeBot/1.0; +claudebot@anthropic.com)"
216.73.216.11 - - [16/Jul/2026:19:34:10 +0000] "GET /sitemap453.xml HTTP/2" 404 14543 "-" "Mozilla/5.0 AppleWebKit/537.36 (KHTML, like Gecko; compatible; ClaudeBot/1.0; +claudebot@anthropic.com)"
216.73.216.11 - - [16/Jul/2026:19:34:10 +0000] "GET /sitemap749.xml HTTP/2" 404 14542 "-" "Mozilla/5.0 AppleWebKit/537.36 (KHTML, like Gecko; compatible; ClaudeBot/1.0; +claudebot@anthropic.com)"
209.42.27.148 - - [16/Jul/2026:19:34:11 +0000] "POST /wp-cron.php?doing_wp_cron=1784230451.2102940082550048828125 HTTP/1.1" 200 0 "-" "WordPress/7.0.1; https://wilson.everestpeakgrowth.com"
216.73.216.11 - - [16/Jul/2026:19:36:50 +0000] "GET /sitemap471.xml HTTP/2" 404 14542 "-" "Mozilla/5.0 AppleWebKit/537.36 (KHTML, like Gecko; compatible; ClaudeBot/1.0; +claudebot@anthropic.com)"
209.42.27.148 - - [16/Jul/2026:19:36:51 +0000] "POST /wp-cron.php?doing_wp_cron=1784230610.9963800907135009765625 HTTP/1.1" 200 0 "-" "WordPress/7.0.1; https://wilson.everestpeakgrowth.com"
136.113.9.105 - - [16/Jul/2026:21:13:39 +0000] "POST / HTTP/1.1" 200 0 "https://wilson.everestpeakgrowth.com/" "Mozilla/5.0 (Macintosh; Intel Mac OS X 10_15_7) AppleWebKit/537.36 (KHTML, like Gecko) Chrome/145.0.0.0 Safari/537.36"
209.42.27.148 - - [16/Jul/2026:21:13:41 +0000] "POST /wp-cron.php?doing_wp_cron=1784236420.8129689693450927734375 HTTP/1.1" 200 0 "-" "WordPress/7.0.1; https://wilson.everestpeakgrowth.com"
216.73.216.11 - - [16/Jul/2026:21:27:51 +0000] "GET /robots.txt HTTP/2" 200 146 "-" "Mozilla/5.0 AppleWebKit/537.36 (KHTML, like Gecko; compatible; ClaudeBot/1.0; +claudebot@anthropic.com)"
209.42.27.148 - - [16/Jul/2026:21:27:52 +0000] "POST /wp-cron.php?doing_wp_cron=1784237272.4187259674072265625000 HTTP/1.1" 200 0 "-" "WordPress/7.0.1; https://wilson.everestpeakgrowth.com"
216.73.216.11 - - [16/Jul/2026:21:27:51 +0000] "GET /sitemap743.xml HTTP/2" 404 14543 "-" "Mozilla/5.0 AppleWebKit/537.36 (KHTML, like Gecko; compatible; ClaudeBot/1.0; +claudebot@anthropic.com)"
209.42.27.148 - - [16/Jul/2026:21:30:56 +0000] "POST /wp-cron.php?doing_wp_cron=1784237456.3648939132690429687500 HTTP/1.1" 200 0 "-" "WordPress/7.0.1; https://wilson.everestpeakgrowth.com"
216.73.216.11 - - [16/Jul/2026:21:30:54 +0000] "GET /sitemap734.xml HTTP/2" 404 14542 "-" "Mozilla/5.0 AppleWebKit/537.36 (KHTML, like Gecko; compatible; ClaudeBot/1.0; +claudebot@anthropic.com)"
216.73.216.11 - - [16/Jul/2026:21:32:00 +0000] "GET /sitemap521.xml HTTP/2" 404 14542 "-" "Mozilla/5.0 AppleWebKit/537.36 (KHTML, like Gecko; compatible; ClaudeBot/1.0; +claudebot@anthropic.com)"
209.42.27.148 - - [16/Jul/2026:21:32:02 +0000] "POST /wp-cron.php?doing_wp_cron=1784237521.6722669601440429687500 HTTP/1.1" 200 0 "-" "WordPress/7.0.1; https://wilson.everestpeakgrowth.com"
216.73.216.11 - - [16/Jul/2026:21:32:41 +0000] "GET /sitemap625.xml HTTP/2" 404 14543 "-" "Mozilla/5.0 AppleWebKit/537.36 (KHTML, like Gecko; compatible; ClaudeBot/1.0; +claudebot@anthropic.com)"
216.73.216.11 - - [16/Jul/2026:21:32:41 +0000] "GET /sitemap228.xml HTTP/2" 404 14542 "-" "Mozilla/5.0 AppleWebKit/537.36 (KHTML, like Gecko; compatible; ClaudeBot/1.0; +claudebot@anthropic.com)"
209.42.27.148 - - [16/Jul/2026:21:32:42 +0000] "POST /wp-cron.php?doing_wp_cron=1784237562.4990229606628417968750 HTTP/1.1" 200 0 "-" "WordPress/7.0.1; https://wilson.everestpeakgrowth.com"
209.42.27.148 - - [16/Jul/2026:21:33:30 +0000] "POST /wp-cron.php?doing_wp_cron=1784237610.8248810768127441406250 HTTP/1.1" 200 0 "-" "WordPress/7.0.1; https://wilson.everestpeakgrowth.com"
216.73.216.11 - - [16/Jul/2026:21:33:29 +0000] "GET /sitemap563.xml HTTP/2" 404 14542 "-" "Mozilla/5.0 AppleWebKit/537.36 (KHTML, like Gecko; compatible; ClaudeBot/1.0; +claudebot@anthropic.com)"
216.73.216.11 - - [16/Jul/2026:21:33:57 +0000] "GET /sitemap627.xml HTTP/2" 404 14543 "-" "Mozilla/5.0 AppleWebKit/537.36 (KHTML, like Gecko; compatible; ClaudeBot/1.0; +claudebot@anthropic.com)"
216.73.216.11 - - [16/Jul/2026:21:34:15 +0000] "GET /sitemap435.xml HTTP/2" 404 14543 "-" "Mozilla/5.0 AppleWebKit/537.36 (KHTML, like Gecko; compatible; ClaudeBot/1.0; +claudebot@anthropic.com)"
216.73.216.11 - - [16/Jul/2026:21:34:26 +0000] "GET /sitemap841.xml HTTP/2" 404 14543 "-" "Mozilla/5.0 AppleWebKit/537.36 (KHTML, like Gecko; compatible; ClaudeBot/1.0; +claudebot@anthropic.com)"
209.42.27.148 - - [16/Jul/2026:21:34:57 +0000] "POST /wp-cron.php?doing_wp_cron=1784237696.8095560073852539062500 HTTP/1.1" 200 0 "-" "WordPress/7.0.1; https://wilson.everestpeakgrowth.com"
216.73.216.11 - - [16/Jul/2026:21:34:56 +0000] "GET /sitemap.xml HTTP/2" 301 0 "-" "Mozilla/5.0 AppleWebKit/537.36 (KHTML, like Gecko; compatible; ClaudeBot/1.0; +claudebot@anthropic.com)"
216.73.216.11 - - [16/Jul/2026:21:34:57 +0000] "GET /sitemap_index.xml HTTP/2" 200 272 "https://wilson.everestpeakgrowth.com/sitemap.xml" "Mozilla/5.0 AppleWebKit/537.36 (KHTML, like Gecko; compatible; ClaudeBot/1.0; +claudebot@anthropic.com)"
216.73.216.11 - - [16/Jul/2026:21:35:09 +0000] "GET /sitemap781.xml HTTP/2" 404 14543 "-" "Mozilla/5.0 AppleWebKit/537.36 (KHTML, like Gecko; compatible; ClaudeBot/1.0; +claudebot@anthropic.com)"
209.42.27.148 - - [16/Jul/2026:21:35:54 +0000] "POST /wp-cron.php?doing_wp_cron=1784237754.6166779994964599609375 HTTP/1.1" 200 0 "-" "WordPress/7.0.1; https://wilson.everestpeakgrowth.com"
216.73.216.11 - - [16/Jul/2026:21:35:53 +0000] "GET /sitemap811.xml HTTP/2" 404 14543 "-" "Mozilla/5.0 AppleWebKit/537.36 (KHTML, like Gecko; compatible; ClaudeBot/1.0; +claudebot@anthropic.com)"
216.73.216.11 - - [16/Jul/2026:21:36:04 +0000] "GET /sitemap823.xml HTTP/2" 404 14543 "-" "Mozilla/5.0 AppleWebKit/537.36 (KHTML, like Gecko; compatible; ClaudeBot/1.0; +claudebot@anthropic.com)"
216.73.216.11 - - [16/Jul/2026:21:36:25 +0000] "GET /sitemap585.xml HTTP/2" 404 14543 "-" "Mozilla/5.0 AppleWebKit/537.36 (KHTML, like Gecko; compatible; ClaudeBot/1.0; +claudebot@anthropic.com)"
209.42.27.148 - - [16/Jul/2026:21:36:43 +0000] "POST /wp-cron.php?doing_wp_cron=1784237803.3318159580230712890625 HTTP/1.1" 200 0 "-" "WordPress/7.0.1; https://wilson.everestpeakgrowth.com"
216.73.216.11 - - [16/Jul/2026:21:36:42 +0000] "GET /sitemap453.xml HTTP/2" 404 14543 "-" "Mozilla/5.0 AppleWebKit/537.36 (KHTML, like Gecko; compatible; ClaudeBot/1.0; +claudebot@anthropic.com)"
216.73.216.11 - - [16/Jul/2026:21:37:18 +0000] "GET /sitemap425.xml HTTP/2" 404 14543 "-" "Mozilla/5.0 AppleWebKit/537.36 (KHTML, like Gecko; compatible; ClaudeBot/1.0; +claudebot@anthropic.com)"
216.73.216.11 - - [16/Jul/2026:21:38:09 +0000] "GET /sitemap550.xml HTTP/2" 404 14542 "-" "Mozilla/5.0 AppleWebKit/537.36 (KHTML, like Gecko; compatible; ClaudeBot/1.0; +claudebot@anthropic.com)"
209.42.27.148 - - [16/Jul/2026:21:38:10 +0000] "POST /wp-cron.php?doing_wp_cron=1784237890.0679070949554443359375 HTTP/1.1" 200 0 "-" "WordPress/7.0.1; https://wilson.everestpeakgrowth.com"
216.73.216.11 - - [16/Jul/2026:21:38:54 +0000] "GET /sitemap471.xml HTTP/2" 404 14542 "-" "Mozilla/5.0 AppleWebKit/537.36 (KHTML, like Gecko; compatible; ClaudeBot/1.0; +claudebot@anthropic.com)"
209.42.27.148 - - [16/Jul/2026:21:38:55 +0000] "POST /wp-cron.php?doing_wp_cron=1784237935.3740649223327636718750 HTTP/1.1" 200 0 "-" "WordPress/7.0.1; https://wilson.everestpeakgrowth.com"
216.73.216.11 - - [16/Jul/2026:21:42:04 +0000] "GET /sitemap749.xml HTTP/2" 404 14542 "-" "Mozilla/5.0 AppleWebKit/537.36 (KHTML, like Gecko; compatible; ClaudeBot/1.0; +claudebot@anthropic.com)"
209.42.27.148 - - [16/Jul/2026:21:42:05 +0000] "POST /wp-cron.php?doing_wp_cron=1784238125.2902700901031494140625 HTTP/1.1" 200 0 "-" "WordPress/7.0.1; https://wilson.everestpeakgrowth.com"
209.42.27.148 - - [16/Jul/2026:21:42:52 +0000] "POST /wp-cron.php?doing_wp_cron=1784238171.9971048831939697265625 HTTP/1.1" 200 0 "-" "WordPress/7.0.1; https://wilson.everestpeakgrowth.com"
216.73.216.11 - - [16/Jul/2026:21:42:51 +0000] "GET /sitemap319.xml HTTP/2" 404 14543 "-" "Mozilla/5.0 AppleWebKit/537.36 (KHTML, like Gecko; compatible; ClaudeBot/1.0; +claudebot@anthropic.com)"
216.73.216.11 - - [16/Jul/2026:21:42:59 +0000] "GET /sitemap310.xml HTTP/2" 404 14543 "-" "Mozilla/5.0 AppleWebKit/537.36 (KHTML, like Gecko; compatible; ClaudeBot/1.0; +claudebot@anthropic.com)"
104.210.140.135 - - [16/Jul/2026:22:18:28 +0000] "GET /robots.txt HTTP/2" 200 146 "-" "Mozilla/5.0 (Macintosh; Intel Mac OS X 10_15_7) AppleWebKit/537.36 (KHTML, like Gecko) Chrome/131.0.0.0 Safari/537.36; compatible; OAI-SearchBot/1.0; +https://openai.com/searchbot"
74.7.228.27 - - [16/Jul/2026:22:32:01 +0000] "GET /robots.txt HTTP/2" 200 146 "-" "Mozilla/5.0 (Macintosh; Intel Mac OS X 10_15_7) AppleWebKit/537.36 (KHTML, like Gecko) Chrome/131.0.0.0 Safari/537.36; compatible; OAI-SearchBot/1.4; robots.txt; +https://openai.com/searchbot"
74.7.242.40 - - [16/Jul/2026:22:32:01 +0000] "GET /sitemap781.xml HTTP/2" 404 14542 "-" "Mozilla/5.0 AppleWebKit/537.36 (KHTML, like Gecko; compatible; GPTBot/1.4; +https://openai.com/gptbot)"
209.42.27.148 - - [16/Jul/2026:22:32:02 +0000] "POST /wp-cron.php?doing_wp_cron=1784241122.5491709709167480468750 HTTP/1.1" 200 0 "-" "WordPress/7.0.1; https://wilson.everestpeakgrowth.com"
74.7.242.40 - - [16/Jul/2026:22:34:53 +0000] "GET /sitemap823.xml HTTP/2" 404 14542 "-" "Mozilla/5.0 AppleWebKit/537.36 (KHTML, like Gecko; compatible; GPTBot/1.4; +https://openai.com/gptbot)"
209.42.27.148 - - [16/Jul/2026:22:34:54 +0000] "POST /wp-cron.php?doing_wp_cron=1784241294.5634040832519531250000 HTTP/1.1" 200 0 "-" "WordPress/7.0.1; https://wilson.everestpeakgrowth.com"
74.7.242.40 - - [16/Jul/2026:22:34:56 +0000] "GET /sitemap.xml HTTP/2" 301 0 "-" "Mozilla/5.0 AppleWebKit/537.36 (KHTML, like Gecko; compatible; GPTBot/1.4; +https://openai.com/gptbot)"
74.7.242.40 - - [16/Jul/2026:22:34:57 +0000] "GET /sitemap_index.xml HTTP/2" 200 272 "https://wilson.everestpeakgrowth.com/sitemap.xml" "Mozilla/5.0 AppleWebKit/537.36 (KHTML, like Gecko; compatible; GPTBot/1.4; +https://openai.com/gptbot)"
74.7.242.40 - - [16/Jul/2026:22:36:07 +0000] "GET /sitemap471.xml HTTP/2" 404 14542 "-" "Mozilla/5.0 AppleWebKit/537.36 (KHTML, like Gecko; compatible; GPTBot/1.4; +https://openai.com/gptbot)"
209.42.27.148 - - [16/Jul/2026:22:36:09 +0000] "POST /wp-cron.php?doing_wp_cron=1784241368.9728090763092041015625 HTTP/1.1" 200 0 "-" "WordPress/7.0.1; https://wilson.everestpeakgrowth.com"
74.7.242.40 - - [16/Jul/2026:22:38:04 +0000] "GET /sitemap743.xml HTTP/2" 404 14542 "-" "Mozilla/5.0 AppleWebKit/537.36 (KHTML, like Gecko; compatible; GPTBot/1.4; +https://openai.com/gptbot)"
209.42.27.148 - - [16/Jul/2026:22:38:06 +0000] "POST /wp-cron.php?doing_wp_cron=1784241485.7028920650482177734375 HTTP/1.1" 200 0 "-" "WordPress/7.0.1; https://wilson.everestpeakgrowth.com"
74.7.242.40 - - [16/Jul/2026:22:38:23 +0000] "GET /sitemap425.xml HTTP/2" 404 14543 "-" "Mozilla/5.0 AppleWebKit/537.36 (KHTML, like Gecko; compatible; GPTBot/1.4; +https://openai.com/gptbot)"
74.7.242.40 - - [16/Jul/2026:22:38:26 +0000] "GET /sitemap521.xml HTTP/2" 404 14543 "-" "Mozilla/5.0 AppleWebKit/537.36 (KHTML, like Gecko; compatible; GPTBot/1.4; +https://openai.com/gptbot)"
74.7.242.40 - - [16/Jul/2026:22:38:31 +0000] "GET /sitemap749.xml HTTP/2" 404 14542 "-" "Mozilla/5.0 AppleWebKit/537.36 (KHTML, like Gecko; compatible; GPTBot/1.4; +https://openai.com/gptbot)"
209.42.27.148 - - [16/Jul/2026:22:38:33 +0000] "POST /wp-cron.php?doing_wp_cron=1784241512.8116929531097412109375 HTTP/1.1" 200 0 "-" "WordPress/7.0.1; https://wilson.everestpeakgrowth.com"
74.7.242.40 - - [16/Jul/2026:22:38:56 +0000] "GET /sitemap627.xml HTTP/2" 404 14543 "-" "Mozilla/5.0 AppleWebKit/537.36 (KHTML, like Gecko; compatible; GPTBot/1.4; +https://openai.com/gptbot)"
54.84.100.198 - - [16/Jul/2026:22:39:08 +0000] "GET / HTTP/2" 301 0 "http://redz.com/" "Mozilla/5.0 (Windows NT 10.0; Win64; x64) AppleWebKit/537.36 (KHTML, like Gecko) Chrome/96.0.4664.45 Safari/537.36"
54.84.100.198 - - [16/Jul/2026:22:39:09 +0000] "GET / HTTP/2" 200 38244 "http://redz.com/" "Mozilla/5.0 (X11; Linux x86_64) AppleWebKit/537.36 (KHTML, like Gecko) HeadlessChrome/145.0.7632.0 Safari/537.36"
54.84.100.198 - - [16/Jul/2026:22:39:11 +0000] "GET /wp-content/plugins/exclusive-addons-elementor-pro/assets/css/exad-header-footer.css?ver=1.4.0 HTTP/2" 200 333 "http://redz.com/" "Mozilla/5.0 (Windows NT 10.0; Win64; x64) AppleWebKit/537.36 (KHTML, like Gecko) Chrome/96.0.4664.45 Safari/537.36"
54.84.100.198 - - [16/Jul/2026:22:39:11 +0000] "GET /wp-content/plugins/elementor/assets/lib/eicons/css/elementor-icons.min.css?ver=5.29.0 HTTP/2" 200 4016 "http://redz.com/" "Mozilla/5.0 (Windows NT 10.0; Win64; x64) AppleWebKit/537.36 (KHTML, like Gecko) Chrome/96.0.4664.45 Safari/537.36"
54.84.100.198 - - [16/Jul/2026:22:39:11 +0000] "GET /wp-content/plugins/elementor/assets/css/frontend-lite.min.css?ver=3.20.1 HTTP/2" 200 13861 "http://redz.com/" "Mozilla/5.0 (Windows NT 10.0; Win64; x64) AppleWebKit/537.36 (KHTML, like Gecko) Chrome/96.0.4664.45 Safari/537.36"
54.84.100.198 - - [16/Jul/2026:22:39:11 +0000] "GET /wp-content/plugins/elementor/assets/lib/swiper/v8/css/swiper.min.css?ver=8.4.5 HTTP/2" 200 4588 "http://redz.com/" "Mozilla/5.0 (Windows NT 10.0; Win64; x64) AppleWebKit/537.36 (KHTML, like Gecko) Chrome/96.0.4664.45 Safari/537.36"
54.84.100.198 - - [16/Jul/2026:22:39:11 +0000] "GET /wp-content/uploads/elementor/css/post-11.css?ver=1710353821 HTTP/2" 200 408 "http://redz.com/" "Mozilla/5.0 (Windows NT 10.0; Win64; x64) AppleWebKit/537.36 (KHTML, like Gecko) Chrome/96.0.4664.45 Safari/537.36"
54.84.100.198 - - [16/Jul/2026:22:39:11 +0000] "GET /wp-content/plugins/elementor-pro/assets/css/frontend-lite.min.css?ver=3.5.0 HTTP/2" 200 13845 "http://redz.com/" "Mozilla/5.0 (Windows NT 10.0; Win64; x64) AppleWebKit/537.36 (KHTML, like Gecko) Chrome/96.0.4664.45 Safari/537.36"
54.84.100.198 - - [16/Jul/2026:22:39:11 +0000] "GET /wp-content/plugins/elementor/assets/lib/font-awesome/css/all.min.css?ver=3.20.1 HTTP/2" 200 12839 "http://redz.com/" "Mozilla/5.0 (Windows NT 10.0; Win64; x64) AppleWebKit/537.36 (KHTML, like Gecko) Chrome/96.0.4664.45 Safari/537.36"
54.84.100.198 - - [16/Jul/2026:22:39:11 +0000] "GET /wp-content/plugins/elementor/assets/lib/font-awesome/css/v4-shims.min.css?ver=3.20.1 HTTP/2" 200 4189 "http://redz.com/" "Mozilla/5.0 (Windows NT 10.0; Win64; x64) AppleWebKit/537.36 (KHTML, like Gecko) Chrome/96.0.4664.45 Safari/537.36"
54.84.100.198 - - [16/Jul/2026:22:39:12 +0000] "GET /wp-content/uploads/elementor/css/global.css?ver=1710353822 HTTP/2" 200 2835 "http://redz.com/" "Mozilla/5.0 (Windows NT 10.0; Win64; x64) AppleWebKit/537.36 (KHTML, like Gecko) Chrome/96.0.4664.45 Safari/537.36"
54.84.100.198 - - [16/Jul/2026:22:39:12 +0000] "GET /wp-content/uploads/elementor/css/post-9.css?ver=1710353823 HTTP/2" 200 6030 "http://redz.com/" "Mozilla/5.0 (Windows NT 10.0; Win64; x64) AppleWebKit/537.36 (KHTML, like Gecko) Chrome/96.0.4664.45 Safari/537.36"
54.84.100.198 - - [16/Jul/2026:22:39:12 +0000] "GET /wp-content/plugins/exclusive-addons-elementor-pro/assets/css/exad-pro-styles.min.css?ver=7.0.1 HTTP/2" 200 24045 "http://redz.com/" "Mozilla/5.0 (Windows NT 10.0; Win64; x64) AppleWebKit/537.36 (KHTML, like Gecko) Chrome/96.0.4664.45 Safari/537.36"
54.84.100.198 - - [16/Jul/2026:22:39:12 +0000] "GET /wp-content/plugins/exclusive-addons-for-elementor/assets/vendor/css/slick.min.css?ver=7.0.1 HTTP/2" 200 464 "http://redz.com/" "Mozilla/5.0 (Windows NT 10.0; Win64; x64) AppleWebKit/537.36 (KHTML, like Gecko) Chrome/96.0.4664.45 Safari/537.36"
54.84.100.198 - - [16/Jul/2026:22:39:12 +0000] "GET /wp-content/plugins/exclusive-addons-for-elementor/assets/vendor/css/slick-theme.min.css?ver=7.0.1 HTTP/2" 200 815 "http://redz.com/" "Mozilla/5.0 (Windows NT 10.0; Win64; x64) AppleWebKit/537.36 (KHTML, like Gecko) Chrome/96.0.4664.45 Safari/537.36"
54.84.100.198 - - [16/Jul/2026:22:39:12 +0000] "GET /wp-content/plugins/exclusive-addons-for-elementor/assets/vendor/css/imagehover.css?ver=7.0.1 HTTP/2" 200 9449 "http://redz.com/" "Mozilla/5.0 (Windows NT 10.0; Win64; x64) AppleWebKit/537.36 (KHTML, like Gecko) Chrome/96.0.4664.45 Safari/537.36"
54.84.100.198 - - [16/Jul/2026:22:39:12 +0000] "GET /wp-content/plugins/exclusive-addons-for-elementor/assets/css/exad-styles.min.css?ver=7.0.1 HTTP/2" 200 16457 "http://redz.com/" "Mozilla/5.0 (Windows NT 10.0; Win64; x64) AppleWebKit/537.36 (KHTML, like Gecko) Chrome/96.0.4664.45 Safari/537.36"
54.84.100.198 - - [16/Jul/2026:22:39:12 +0000] "GET /wp-content/themes/hello-elementor/style.min.css?ver=3.0.1 HTTP/2" 200 1862 "http://redz.com/" "Mozilla/5.0 (Windows NT 10.0; Win64; x64) AppleWebKit/537.36 (KHTML, like Gecko) Chrome/96.0.4664.45 Safari/537.36"
54.84.100.198 - - [16/Jul/2026:22:39:12 +0000] "GET /wp-content/themes/hello-elementor/theme.min.css?ver=3.0.1 HTTP/2" 200 1305 "http://redz.com/" "Mozilla/5.0 (Windows NT 10.0; Win64; x64) AppleWebKit/537.36 (KHTML, like Gecko) Chrome/96.0.4664.45 Safari/537.36"
54.84.100.198 - - [16/Jul/2026:22:39:12 +0000] "GET /wp-content/themes/hello-elementor/header-footer.min.css?ver=3.0.1 HTTP/2" 200 1455 "http://redz.com/" "Mozilla/5.0 (Windows NT 10.0; Win64; x64) AppleWebKit/537.36 (KHTML, like Gecko) Chrome/96.0.4664.45 Safari/537.36"
54.84.100.198 - - [16/Jul/2026:22:39:12 +0000] "GET /wp-content/uploads/elementor/css/post-44.css?ver=1710353823 HTTP/2" 200 2013 "http://redz.com/" "Mozilla/5.0 (Windows NT 10.0; Win64; x64) AppleWebKit/537.36 (KHTML, like Gecko) Chrome/96.0.4664.45 Safari/537.36"
54.84.100.198 - - [16/Jul/2026:22:39:12 +0000] "GET /wp-content/uploads/elementor/css/post-99.css?ver=1710353823 HTTP/2" 200 1433 "http://redz.com/" "Mozilla/5.0 (Windows NT 10.0; Win64; x64) AppleWebKit/537.36 (KHTML, like Gecko) Chrome/96.0.4664.45 Safari/537.36"
54.84.100.198 - - [16/Jul/2026:22:39:12 +0000] "GET /wp-content/uploads/elementor/css/post-192.css?ver=1710353823 HTTP/2" 200 1031 "http://redz.com/" "Mozilla/5.0 (Windows NT 10.0; Win64; x64) AppleWebKit/537.36 (KHTML, like Gecko) Chrome/96.0.4664.45 Safari/537.36"
54.84.100.198 - - [16/Jul/2026:22:39:12 +0000] "GET /wp-content/uploads/elementor/css/post-92.css?ver=1710354396 HTTP/2" 200 1540 "http://redz.com/" "Mozilla/5.0 (Windows NT 10.0; Win64; x64) AppleWebKit/537.36 (KHTML, like Gecko) Chrome/96.0.4664.45 Safari/537.36"
54.84.100.198 - - [16/Jul/2026:22:39:12 +0000] "GET /wp-content/plugins/elementskit-lite/modules/elementskit-icon-pack/assets/css/ekiticons.css?ver=3.0.6 HTTP/2" 200 13068 "http://redz.com/" "Mozilla/5.0 (Windows NT 10.0; Win64; x64) AppleWebKit/537.36 (KHTML, like Gecko) Chrome/96.0.4664.45 Safari/537.36"
54.84.100.198 - - [16/Jul/2026:22:39:12 +0000] "GET /wp-content/themes/hello-elementor-child/style.css?ver=7.0.1 HTTP/2" 200 356 "http://redz.com/" "Mozilla/5.0 (Windows NT 10.0; Win64; x64) AppleWebKit/537.36 (KHTML, like Gecko) Chrome/96.0.4664.45 Safari/537.36"
54.84.100.198 - - [16/Jul/2026:22:39:12 +0000] "GET /wp-content/plugins/elementskit-lite/widgets/init/assets/css/widget-styles.css?ver=3.0.6 HTTP/2" 200 49947 "http://redz.com/" "Mozilla/5.0 (Windows NT 10.0; Win64; x64) AppleWebKit/537.36 (KHTML, like Gecko) Chrome/96.0.4664.45 Safari/537.36"
54.84.100.198 - - [16/Jul/2026:22:39:12 +0000] "GET /wp-content/plugins/elementskit-lite/widgets/init/assets/css/responsive.css?ver=3.0.6 HTTP/2" 200 3149 "http://redz.com/" "Mozilla/5.0 (Windows NT 10.0; Win64; x64) AppleWebKit/537.36 (KHTML, like Gecko) Chrome/96.0.4664.45 Safari/537.36"
54.84.100.198 - - [16/Jul/2026:22:39:12 +0000] "GET /wp-content/plugins/elementor/assets/lib/font-awesome/css/fontawesome.min.css?ver=5.15.3 HTTP/2" 200 12587 "http://redz.com/" "Mozilla/5.0 (Windows NT 10.0; Win64; x64) AppleWebKit/537.36 (KHTML, like Gecko) Chrome/96.0.4664.45 Safari/537.36"
54.84.100.198 - - [16/Jul/2026:22:39:12 +0000] "GET /wp-content/plugins/elementor/assets/lib/font-awesome/css/regular.min.css?ver=5.15.3 HTTP/2" 200 310 "http://redz.com/" "Mozilla/5.0 (Windows NT 10.0; Win64; x64) AppleWebKit/537.36 (KHTML, like Gecko) Chrome/96.0.4664.45 Safari/537.36"
54.84.100.198 - - [16/Jul/2026:22:39:12 +0000] "GET /wp-content/plugins/exclusive-addons-for-elementor/assets/fonts/feather-icon/feather-icon-style.min.css?ver=2.6.9.1 HTTP/2" 200 2430 "http://redz.com/" "Mozilla/5.0 (Windows NT 10.0; Win64; x64) AppleWebKit/537.36 (KHTML, like Gecko) Chrome/96.0.4664.45 Safari/537.36"
54.84.100.198 - - [16/Jul/2026:22:39:12 +0000] "GET /wp-content/plugins/exclusive-addons-for-elementor/assets/fonts/remix-icon/remixicon.min.css?ver=2.6.9.1 HTTP/2" 200 13875 "http://redz.com/" "Mozilla/5.0 (Windows NT 10.0; Win64; x64) AppleWebKit/537.36 (KHTML, like Gecko) Chrome/96.0.4664.45 Safari/537.36"
54.84.100.198 - - [16/Jul/2026:22:39:12 +0000] "GET /wp-content/plugins/elementor/assets/lib/font-awesome/css/solid.min.css?ver=5.15.3 HTTP/2" 200 311 "http://redz.com/" "Mozilla/5.0 (Windows NT 10.0; Win64; x64) AppleWebKit/537.36 (KHTML, like Gecko) Chrome/96.0.4664.45 Safari/537.36"
54.84.100.198 - - [16/Jul/2026:22:39:13 +0000] "GET /wp-content/plugins/elementor/assets/lib/font-awesome/css/brands.min.css?ver=5.15.3 HTTP/2" 200 312 "http://redz.com/" "Mozilla/5.0 (Windows NT 10.0; Win64; x64) AppleWebKit/537.36 (KHTML, like Gecko) Chrome/96.0.4664.45 Safari/537.36"
54.84.100.198 - - [16/Jul/2026:22:39:13 +0000] "GET /wp-includes/js/jquery/jquery.min.js?ver=3.7.1 HTTP/2" 200 30412 "http://redz.com/" "Mozilla/5.0 (Windows NT 10.0; Win64; x64) AppleWebKit/537.36 (KHTML, like Gecko) Chrome/96.0.4664.45 Safari/537.36"
54.84.100.198 - - [16/Jul/2026:22:39:13 +0000] "GET /wp-includes/js/jquery/jquery-migrate.min.js?ver=3.4.1 HTTP/2" 200 4870 "http://redz.com/" "Mozilla/5.0 (Windows NT 10.0; Win64; x64) AppleWebKit/537.36 (KHTML, like Gecko) Chrome/96.0.4664.45 Safari/537.36"
54.84.100.198 - - [16/Jul/2026:22:39:13 +0000] "GET /wp-content/plugins/elementor/assets/lib/font-awesome/js/v4-shims.min.js?ver=3.20.1 HTTP/2" 200 4169 "http://redz.com/" "Mozilla/5.0 (Windows NT 10.0; Win64; x64) AppleWebKit/537.36 (KHTML, like Gecko) Chrome/96.0.4664.45 Safari/537.36"
54.84.100.198 - - [16/Jul/2026:22:39:13 +0000] "GET /wp-content/plugins/majestic-before-after-image/third-party/twentytwenty/css/twentytwenty.css?ver=1.0.10 HTTP/2" 200 952 "http://redz.com/" "Mozilla/5.0 (Windows NT 10.0; Win64; x64) AppleWebKit/537.36 (KHTML, like Gecko) Chrome/96.0.4664.45 Safari/537.36"
54.84.100.198 - - [16/Jul/2026:22:39:13 +0000] "GET /wp-content/plugins/majestic-before-after-image/assets/css/mbai-elementor.css?ver=1.0.10 HTTP/2" 200 595 "http://redz.com/" "Mozilla/5.0 (Windows NT 10.0; Win64; x64) AppleWebKit/537.36 (KHTML, like Gecko) Chrome/96.0.4664.45 Safari/537.36"
54.84.100.198 - - [16/Jul/2026:22:39:13 +0000] "GET /wp-content/plugins/elementor/assets/lib/animations/animations.min.css?ver=3.20.1 HTTP/2" 200 2598 "http://redz.com/" "Mozilla/5.0 (Windows NT 10.0; Win64; x64) AppleWebKit/537.36 (KHTML, like Gecko) Chrome/96.0.4664.45 Safari/537.36"
54.84.100.198 - - [16/Jul/2026:22:39:13 +0000] "GET /wp-content/plugins/elementor/assets/css/widget-icon-list.min.css HTTP/2" 200 971 "http://redz.com/" "Mozilla/5.0 (Windows NT 10.0; Win64; x64) AppleWebKit/537.36 (KHTML, like Gecko) Chrome/96.0.4664.45 Safari/537.36"
54.84.100.198 - - [16/Jul/2026:22:39:13 +0000] "GET /wp-content/plugins/elementor/assets/css/widget-icon-box.min.css HTTP/2" 200 732 "http://redz.com/" "Mozilla/5.0 (Windows NT 10.0; Win64; x64) AppleWebKit/537.36 (KHTML, like Gecko) Chrome/96.0.4664.45 Safari/537.36"
54.84.100.198 - - [16/Jul/2026:22:39:13 +0000] "GET /wp-content/uploads/2024/02/5.png HTTP/2" 200 288732 "http://redz.com/" "Mozilla/5.0 (Windows NT 10.0; Win64; x64) AppleWebKit/537.36 (KHTML, like Gecko) Chrome/96.0.4664.45 Safari/537.36"
54.84.100.198 - - [16/Jul/2026:22:39:13 +0000] "GET /wp-content/uploads/2024/02/4.png HTTP/2" 200 225055 "http://redz.com/" "Mozilla/5.0 (Windows NT 10.0; Win64; x64) AppleWebKit/537.36 (KHTML, like Gecko) Chrome/96.0.4664.45 Safari/537.36"
54.84.100.198 - - [16/Jul/2026:22:39:13 +0000] "GET /wp-content/uploads/2024/02/window-before-cleaning1.jpg HTTP/2" 200 32350 "http://redz.com/" "Mozilla/5.0 (Windows NT 10.0; Win64; x64) AppleWebKit/537.36 (KHTML, like Gecko) Chrome/96.0.4664.45 Safari/537.36"
54.84.100.198 - - [16/Jul/2026:22:39:16 +0000] "GET /wp-content/plugins/elementor-pro/assets/css/widget-nav-menu.min.css HTTP/2" 200 3433 "http://redz.com/" "Mozilla/5.0 (Windows NT 10.0; Win64; x64) AppleWebKit/537.36 (KHTML, like Gecko) Chrome/96.0.4664.45 Safari/537.36"
54.84.100.198 - - [16/Jul/2026:22:39:16 +0000] "GET /wp-content/plugins/exclusive-addons-elementor-pro/assets/js/vendor/granim.min.js?ver=1.4.0 HTTP/2" 200 7733 "http://redz.com/" "Mozilla/5.0 (Windows NT 10.0; Win64; x64) AppleWebKit/537.36 (KHTML, like Gecko) Chrome/96.0.4664.45 Safari/537.36"
