3.81.31.128 - - [16/Jul/2026:22:39:48 +0000] "GET / HTTP/3" 200 269563 "http://www.ebook-search-queen.com/" "Mozilla/5.0 (X11; Linux x86_64) AppleWebKit/537.36 (KHTML, like Gecko) Chrome/96.0.4664.45 Safari/537.36"
54.84.100.198 - - [16/Jul/2026:22:39:53 +0000] "GET /wp-content/uploads/2024/02/window-after-cleaning1.jpg HTTP/2" 200 37406 "http://redz.com/" "Mozilla/5.0 (Windows NT 10.0; Win64; x64) AppleWebKit/537.36 (KHTML, like Gecko) Chrome/96.0.4664.45 Safari/537.36"
54.84.100.198 - - [16/Jul/2026:22:39:53 +0000] "GET /wp-content/uploads/2024/02/Wilsons-Window-Washing-Logo-300x300.png HTTP/2" 200 58248 "http://redz.com/" "Mozilla/5.0 (Windows NT 10.0; Win64; x64) AppleWebKit/537.36 (KHTML, like Gecko) Chrome/96.0.4664.45 Safari/537.36"
3.81.31.128 - - [16/Jul/2026:22:40:00 +0000] "GET /wp-content/plugins/exclusive-addons-elementor-pro/assets/css/exad-header-footer.css?ver=1.4.0 HTTP/3" 200 885 "http://www.ebook-search-queen.com/" "Mozilla/5.0 (X11; Linux x86_64) AppleWebKit/537.36 (KHTML, like Gecko) Chrome/96.0.4664.45 Safari/537.36"
3.81.31.128 - - [16/Jul/2026:22:40:00 +0000] "GET /wp-content/plugins/elementor/assets/lib/eicons/css/elementor-icons.min.css?ver=5.29.0 HTTP/3" 200 19778 "http://www.ebook-search-queen.com/" "Mozilla/5.0 (X11; Linux x86_64) AppleWebKit/537.36 (KHTML, like Gecko) Chrome/96.0.4664.45 Safari/537.36"
3.81.31.128 - - [16/Jul/2026:22:40:00 +0000] "GET /wp-content/plugins/elementor/assets/css/frontend-lite.min.css?ver=3.20.1 HTTP/3" 200 118630 "http://www.ebook-search-queen.com/" "Mozilla/5.0 (X11; Linux x86_64) AppleWebKit/537.36 (KHTML, like Gecko) Chrome/96.0.4664.45 Safari/537.36"
3.81.31.128 - - [16/Jul/2026:22:40:00 +0000] "GET /wp-content/plugins/elementor/assets/lib/swiper/v8/css/swiper.min.css?ver=8.4.5 HTTP/3" 200 16471 "http://www.ebook-search-queen.com/" "Mozilla/5.0 (X11; Linux x86_64) AppleWebKit/537.36 (KHTML, like Gecko) Chrome/96.0.4664.45 Safari/537.36"
3.81.31.128 - - [16/Jul/2026:22:40:00 +0000] "GET /wp-content/uploads/elementor/css/post-11.css?ver=1710353821 HTTP/3" 200 1235 "http://www.ebook-search-queen.com/" "Mozilla/5.0 (X11; Linux x86_64) AppleWebKit/537.36 (KHTML, like Gecko) Chrome/96.0.4664.45 Safari/537.36"
3.81.31.128 - - [16/Jul/2026:22:40:00 +0000] "GET /wp-content/plugins/elementor-pro/assets/css/frontend-lite.min.css?ver=3.5.0 HTTP/3" 200 127167 "http://www.ebook-search-queen.com/" "Mozilla/5.0 (X11; Linux x86_64) AppleWebKit/537.36 (KHTML, like Gecko) Chrome/96.0.4664.45 Safari/537.36"
3.81.31.128 - - [16/Jul/2026:22:40:00 +0000] "GET /wp-content/plugins/elementor/assets/lib/font-awesome/css/all.min.css?ver=3.20.1 HTTP/3" 200 59344 "http://www.ebook-search-queen.com/" "Mozilla/5.0 (X11; Linux x86_64) AppleWebKit/537.36 (KHTML, like Gecko) Chrome/96.0.4664.45 Safari/537.36"
3.81.31.128 - - [16/Jul/2026:22:40:00 +0000] "GET /wp-content/plugins/elementor/assets/lib/font-awesome/css/v4-shims.min.css?ver=3.20.1 HTTP/3" 200 26702 "http://www.ebook-search-queen.com/" "Mozilla/5.0 (X11; Linux x86_64) AppleWebKit/537.36 (KHTML, like Gecko) Chrome/96.0.4664.45 Safari/537.36"
3.81.31.128 - - [16/Jul/2026:22:40:00 +0000] "GET /wp-content/uploads/elementor/css/global.css?ver=1710353822 HTTP/3" 200 39789 "http://www.ebook-search-queen.com/" "Mozilla/5.0 (X11; Linux x86_64) AppleWebKit/537.36 (KHTML, like Gecko) Chrome/96.0.4664.45 Safari/537.36"
3.81.31.128 - - [16/Jul/2026:22:40:00 +0000] "GET /wp-content/uploads/elementor/css/post-9.css?ver=1710353823 HTTP/3" 200 93558 "http://www.ebook-search-queen.com/" "Mozilla/5.0 (X11; Linux x86_64) AppleWebKit/537.36 (KHTML, like Gecko) Chrome/96.0.4664.45 Safari/537.36"
3.81.31.128 - - [16/Jul/2026:22:40:00 +0000] "GET /wp-content/plugins/exclusive-addons-for-elementor/assets/vendor/css/slick.min.css?ver=7.0.1 HTTP/3" 200 1183 "http://www.ebook-search-queen.com/" "Mozilla/5.0 (X11; Linux x86_64) AppleWebKit/537.36 (KHTML, like Gecko) Chrome/96.0.4664.45 Safari/537.36"
3.81.31.128 - - [16/Jul/2026:22:40:01 +0000] "GET /wp-content/themes/hello-elementor-child/style.css?ver=7.0.1 HTTP/3" 200 587 "http://www.ebook-search-queen.com/" "Mozilla/5.0 (X11; Linux x86_64) AppleWebKit/537.36 (KHTML, like Gecko) Chrome/96.0.4664.45 Safari/537.36"
3.81.31.128 - - [16/Jul/2026:22:40:01 +0000] "GET /wp-content/plugins/elementor/assets/lib/font-awesome/css/regular.min.css?ver=5.15.3 HTTP/3" 200 677 "http://www.ebook-search-queen.com/" "Mozilla/5.0 (X11; Linux x86_64) AppleWebKit/537.36 (KHTML, like Gecko) Chrome/96.0.4664.45 Safari/537.36"
3.81.31.128 - - [16/Jul/2026:22:40:01 +0000] "GET /wp-content/plugins/exclusive-addons-for-elementor/assets/fonts/remix-icon/remixicon.min.css?ver=2.6.9.1 HTTP/3" 200 96408 "http://www.ebook-search-queen.com/" "Mozilla/5.0 (X11; Linux x86_64) AppleWebKit/537.36 (KHTML, like Gecko) Chrome/96.0.4664.45 Safari/537.36"
3.81.31.128 - - [16/Jul/2026:22:40:00 +0000] "GET /wp-content/plugins/exclusive-addons-elementor-pro/assets/css/exad-pro-styles.min.css?ver=7.0.1 HTTP/3" 200 172409 "http://www.ebook-search-queen.com/" "Mozilla/5.0 (X11; Linux x86_64) AppleWebKit/537.36 (KHTML, like Gecko) Chrome/96.0.4664.45 Safari/537.36"
3.81.31.128 - - [16/Jul/2026:22:40:01 +0000] "GET /wp-content/plugins/exclusive-addons-for-elementor/assets/vendor/css/slick-theme.min.css?ver=7.0.1 HTTP/3" 200 3116 "http://www.ebook-search-queen.com/" "Mozilla/5.0 (X11; Linux x86_64) AppleWebKit/537.36 (KHTML, like Gecko) Chrome/96.0.4664.45 Safari/537.36"
3.81.31.128 - - [16/Jul/2026:22:40:01 +0000] "GET /wp-content/plugins/exclusive-addons-for-elementor/assets/vendor/css/imagehover.css?ver=7.0.1 HTTP/3" 200 97146 "http://www.ebook-search-queen.com/" "Mozilla/5.0 (X11; Linux x86_64) AppleWebKit/537.36 (KHTML, like Gecko) Chrome/96.0.4664.45 Safari/537.36"
3.81.31.128 - - [16/Jul/2026:22:40:01 +0000] "GET /wp-content/plugins/exclusive-addons-for-elementor/assets/css/exad-styles.min.css?ver=7.0.1 HTTP/3" 200 132758 "http://www.ebook-search-queen.com/" "Mozilla/5.0 (X11; Linux x86_64) AppleWebKit/537.36 (KHTML, like Gecko) Chrome/96.0.4664.45 Safari/537.36"
3.81.31.128 - - [16/Jul/2026:22:40:01 +0000] "GET /wp-content/themes/hello-elementor/style.min.css?ver=3.0.1 HTTP/3" 200 5756 "http://www.ebook-search-queen.com/" "Mozilla/5.0 (X11; Linux x86_64) AppleWebKit/537.36 (KHTML, like Gecko) Chrome/96.0.4664.45 Safari/537.36"
3.81.31.128 - - [16/Jul/2026:22:40:01 +0000] "GET /wp-content/themes/hello-elementor/theme.min.css?ver=3.0.1 HTTP/3" 200 5131 "http://www.ebook-search-queen.com/" "Mozilla/5.0 (X11; Linux x86_64) AppleWebKit/537.36 (KHTML, like Gecko) Chrome/96.0.4664.45 Safari/537.36"
3.81.31.128 - - [16/Jul/2026:22:40:01 +0000] "GET /wp-content/themes/hello-elementor/header-footer.min.css?ver=3.0.1 HTTP/3" 200 7325 "http://www.ebook-search-queen.com/" "Mozilla/5.0 (X11; Linux x86_64) AppleWebKit/537.36 (KHTML, like Gecko) Chrome/96.0.4664.45 Safari/537.36"
3.81.31.128 - - [16/Jul/2026:22:40:01 +0000] "GET /wp-content/uploads/elementor/css/post-44.css?ver=1710353823 HTTP/3" 200 18602 "http://www.ebook-search-queen.com/" "Mozilla/5.0 (X11; Linux x86_64) AppleWebKit/537.36 (KHTML, like Gecko) Chrome/96.0.4664.45 Safari/537.36"
3.81.31.128 - - [16/Jul/2026:22:40:01 +0000] "GET /wp-content/uploads/elementor/css/post-99.css?ver=1710353823 HTTP/3" 200 16505 "http://www.ebook-search-queen.com/" "Mozilla/5.0 (X11; Linux x86_64) AppleWebKit/537.36 (KHTML, like Gecko) Chrome/96.0.4664.45 Safari/537.36"
3.81.31.128 - - [16/Jul/2026:22:40:01 +0000] "GET /wp-content/uploads/elementor/css/post-192.css?ver=1710353823 HTTP/3" 200 9172 "http://www.ebook-search-queen.com/" "Mozilla/5.0 (X11; Linux x86_64) AppleWebKit/537.36 (KHTML, like Gecko) Chrome/96.0.4664.45 Safari/537.36"
3.81.31.128 - - [16/Jul/2026:22:40:01 +0000] "GET /wp-content/uploads/elementor/css/post-92.css?ver=1710354396 HTTP/3" 200 11790 "http://www.ebook-search-queen.com/" "Mozilla/5.0 (X11; Linux x86_64) AppleWebKit/537.36 (KHTML, like Gecko) Chrome/96.0.4664.45 Safari/537.36"
3.81.31.128 - - [16/Jul/2026:22:40:01 +0000] "GET /wp-content/plugins/elementskit-lite/modules/elementskit-icon-pack/assets/css/ekiticons.css?ver=3.0.6 HTTP/3" 200 124837 "http://www.ebook-search-queen.com/" "Mozilla/5.0 (X11; Linux x86_64) AppleWebKit/537.36 (KHTML, like Gecko) Chrome/96.0.4664.45 Safari/537.36"
3.81.31.128 - - [16/Jul/2026:22:40:01 +0000] "GET /wp-content/plugins/elementskit-lite/widgets/init/assets/css/responsive.css?ver=3.0.6 HTTP/3" 200 30299 "http://www.ebook-search-queen.com/" "Mozilla/5.0 (X11; Linux x86_64) AppleWebKit/537.36 (KHTML, like Gecko) Chrome/96.0.4664.45 Safari/537.36"
3.81.31.128 - - [16/Jul/2026:22:40:01 +0000] "GET /wp-content/plugins/elementskit-lite/widgets/init/assets/css/widget-styles.css?ver=3.0.6 HTTP/3" 200 445765 "http://www.ebook-search-queen.com/" "Mozilla/5.0 (X11; Linux x86_64) AppleWebKit/537.36 (KHTML, like Gecko) Chrome/96.0.4664.45 Safari/537.36"
3.81.31.128 - - [16/Jul/2026:22:40:01 +0000] "GET /wp-content/plugins/elementor/assets/lib/font-awesome/css/fontawesome.min.css?ver=5.15.3 HTTP/3" 200 58071 "http://www.ebook-search-queen.com/" "Mozilla/5.0 (X11; Linux x86_64) AppleWebKit/537.36 (KHTML, like Gecko) Chrome/96.0.4664.45 Safari/537.36"
3.81.31.128 - - [16/Jul/2026:22:40:01 +0000] "GET /wp-content/plugins/exclusive-addons-for-elementor/assets/fonts/feather-icon/feather-icon-style.min.css?ver=2.6.9.1 HTTP/3" 200 22078 "http://www.ebook-search-queen.com/" "Mozilla/5.0 (X11; Linux x86_64) AppleWebKit/537.36 (KHTML, like Gecko) Chrome/96.0.4664.45 Safari/537.36"
3.81.31.128 - - [16/Jul/2026:22:40:02 +0000] "GET /wp-content/plugins/elementor/assets/lib/font-awesome/css/solid.min.css?ver=5.15.3 HTTP/3" 200 669 "http://www.ebook-search-queen.com/" "Mozilla/5.0 (X11; Linux x86_64) AppleWebKit/537.36 (KHTML, like Gecko) Chrome/96.0.4664.45 Safari/537.36"
3.81.31.128 - - [16/Jul/2026:22:40:02 +0000] "GET /wp-content/plugins/elementor/assets/lib/font-awesome/css/brands.min.css?ver=5.15.3 HTTP/3" 200 675 "http://www.ebook-search-queen.com/" "Mozilla/5.0 (X11; Linux x86_64) AppleWebKit/537.36 (KHTML, like Gecko) Chrome/96.0.4664.45 Safari/537.36"
3.81.31.128 - - [16/Jul/2026:22:40:02 +0000] "GET /wp-includes/js/jquery/jquery.min.js?ver=3.7.1 HTTP/3" 200 87553 "http://www.ebook-search-queen.com/" "Mozilla/5.0 (X11; Linux x86_64) AppleWebKit/537.36 (KHTML, like Gecko) Chrome/96.0.4664.45 Safari/537.36"
3.81.31.128 - - [16/Jul/2026:22:40:02 +0000] "GET /wp-includes/js/jquery/jquery-migrate.min.js?ver=3.4.1 HTTP/3" 200 13577 "http://www.ebook-search-queen.com/" "Mozilla/5.0 (X11; Linux x86_64) AppleWebKit/537.36 (KHTML, like Gecko) Chrome/96.0.4664.45 Safari/537.36"
3.81.31.128 - - [16/Jul/2026:22:40:02 +0000] "GET /wp-content/plugins/elementor/assets/lib/font-awesome/js/v4-shims.min.js?ver=3.20.1 HTTP/3" 200 15073 "http://www.ebook-search-queen.com/" "Mozilla/5.0 (X11; Linux x86_64) AppleWebKit/537.36 (KHTML, like Gecko) Chrome/96.0.4664.45 Safari/537.36"
3.81.31.128 - - [16/Jul/2026:22:40:02 +0000] "GET /wp-content/plugins/majestic-before-after-image/third-party/twentytwenty/css/twentytwenty.css?ver=1.0.10 HTTP/3" 200 5016 "http://www.ebook-search-queen.com/" "Mozilla/5.0 (X11; Linux x86_64) AppleWebKit/537.36 (KHTML, like Gecko) Chrome/96.0.4664.45 Safari/537.36"
3.81.31.128 - - [16/Jul/2026:22:40:02 +0000] "GET /wp-content/plugins/majestic-before-after-image/assets/css/mbai-elementor.css?ver=1.0.10 HTTP/3" 200 5724 "http://www.ebook-search-queen.com/" "Mozilla/5.0 (X11; Linux x86_64) AppleWebKit/537.36 (KHTML, like Gecko) Chrome/96.0.4664.45 Safari/537.36"
3.81.31.128 - - [16/Jul/2026:22:40:02 +0000] "GET /wp-content/plugins/elementor/assets/lib/animations/animations.min.css?ver=3.20.1 HTTP/3" 200 18468 "http://www.ebook-search-queen.com/" "Mozilla/5.0 (X11; Linux x86_64) AppleWebKit/537.36 (KHTML, like Gecko) Chrome/96.0.4664.45 Safari/537.36"
3.81.31.128 - - [16/Jul/2026:22:40:02 +0000] "GET /wp-content/plugins/elementor/assets/css/widget-icon-list.min.css HTTP/3" 200 9921 "http://www.ebook-search-queen.com/" "Mozilla/5.0 (X11; Linux x86_64) AppleWebKit/537.36 (KHTML, like Gecko) Chrome/96.0.4664.45 Safari/537.36"
3.81.31.128 - - [16/Jul/2026:22:40:02 +0000] "GET /wp-content/plugins/elementor/assets/css/widget-icon-box.min.css HTTP/3" 200 10101 "http://www.ebook-search-queen.com/" "Mozilla/5.0 (X11; Linux x86_64) AppleWebKit/537.36 (KHTML, like Gecko) Chrome/96.0.4664.45 Safari/537.36"
3.81.31.128 - - [16/Jul/2026:22:40:02 +0000] "GET /wp-content/uploads/2024/02/5.png HTTP/3" 200 288732 "http://www.ebook-search-queen.com/" "Mozilla/5.0 (X11; Linux x86_64) AppleWebKit/537.36 (KHTML, like Gecko) Chrome/96.0.4664.45 Safari/537.36"
3.81.31.128 - - [16/Jul/2026:22:40:02 +0000] "GET /wp-content/uploads/2024/02/4.png HTTP/3" 200 225055 "http://www.ebook-search-queen.com/" "Mozilla/5.0 (X11; Linux x86_64) AppleWebKit/537.36 (KHTML, like Gecko) Chrome/96.0.4664.45 Safari/537.36"
3.81.31.128 - - [16/Jul/2026:22:40:02 +0000] "GET /wp-content/uploads/2024/02/window-before-cleaning1.jpg HTTP/3" 200 32350 "http://www.ebook-search-queen.com/" "Mozilla/5.0 (X11; Linux x86_64) AppleWebKit/537.36 (KHTML, like Gecko) Chrome/96.0.4664.45 Safari/537.36"
3.81.31.128 - - [16/Jul/2026:22:40:05 +0000] "GET /wp-content/plugins/elementor/assets/lib/font-awesome/webfonts/fa-solid-900.woff HTTP/3" 200 101652 "http://www.ebook-search-queen.com/" "Mozilla/5.0 (X11; Linux x86_64) AppleWebKit/537.36 (KHTML, like Gecko) Chrome/96.0.4664.45 Safari/537.36"
3.81.31.128 - - [16/Jul/2026:22:40:05 +0000] "GET /wp-content/plugins/elementor/assets/lib/eicons/fonts/eicons.woff?5.29.0 HTTP/3" 200 118748 "http://www.ebook-search-queen.com/" "Mozilla/5.0 (X11; Linux x86_64) AppleWebKit/537.36 (KHTML, like Gecko) Chrome/96.0.4664.45 Safari/537.36"
3.81.31.128 - - [16/Jul/2026:22:40:05 +0000] "GET /wp-content/plugins/elementor/assets/lib/font-awesome/webfonts/fa-brands-400.woff HTTP/3" 200 97804 "http://www.ebook-search-queen.com/" "Mozilla/5.0 (X11; Linux x86_64) AppleWebKit/537.36 (KHTML, like Gecko) Chrome/96.0.4664.45 Safari/537.36"
3.81.31.128 - - [16/Jul/2026:22:40:05 +0000] "GET /wp-content/plugins/exclusive-addons-for-elementor/assets/fonts/feather-icon/feather.ttf?t=1525787366991 HTTP/3" 200 61920 "http://www.ebook-search-queen.com/" "Mozilla/5.0 (X11; Linux x86_64) AppleWebKit/537.36 (KHTML, like Gecko) Chrome/96.0.4664.45 Safari/537.36"
3.81.31.128 - - [16/Jul/2026:22:40:05 +0000] "GET /wp-content/plugins/elementor/assets/lib/font-awesome/webfonts/fa-regular-400.woff HTTP/3" 200 16276 "http://www.ebook-search-queen.com/" "Mozilla/5.0 (X11; Linux x86_64) AppleWebKit/537.36 (KHTML, like Gecko) Chrome/96.0.4664.45 Safari/537.36"
3.81.31.128 - - [16/Jul/2026:22:40:05 +0000] "GET /wp-content/plugins/exclusive-addons-for-elementor/assets/fonts/remix-icon/remixicon.woff?t=1590207869815 HTTP/3" 200 172876 "http://www.ebook-search-queen.com/" "Mozilla/5.0 (X11; Linux x86_64) AppleWebKit/537.36 (KHTML, like Gecko) Chrome/96.0.4664.45 Safari/537.36"
74.7.242.40 - - [16/Jul/2026:22:40:07 +0000] "GET /sitemap585.xml HTTP/2" 404 14543 "-" "Mozilla/5.0 AppleWebKit/537.36 (KHTML, like Gecko; compatible; GPTBot/1.4; +https://openai.com/gptbot)"
74.7.242.40 - - [16/Jul/2026:22:40:18 +0000] "GET /sitemap811.xml HTTP/2" 404 14543 "-" "Mozilla/5.0 AppleWebKit/537.36 (KHTML, like Gecko; compatible; GPTBot/1.4; +https://openai.com/gptbot)"
74.7.242.40 - - [16/Jul/2026:22:41:56 +0000] "GET /sitemap841.xml HTTP/2" 404 14542 "-" "Mozilla/5.0 AppleWebKit/537.36 (KHTML, like Gecko; compatible; GPTBot/1.4; +https://openai.com/gptbot)"
209.42.27.148 - - [16/Jul/2026:22:41:57 +0000] "POST /wp-cron.php?doing_wp_cron=1784241717.1509149074554443359375 HTTP/1.1" 200 0 "-" "WordPress/7.0.1; https://wilson.everestpeakgrowth.com"
74.7.242.40 - - [16/Jul/2026:22:43:23 +0000] "GET /sitemap734.xml HTTP/2" 404 14542 "-" "Mozilla/5.0 AppleWebKit/537.36 (KHTML, like Gecko; compatible; GPTBot/1.4; +https://openai.com/gptbot)"
209.42.27.148 - - [16/Jul/2026:22:43:24 +0000] "POST /wp-cron.php?doing_wp_cron=1784241804.3974668979644775390625 HTTP/1.1" 200 0 "-" "WordPress/7.0.1; https://wilson.everestpeakgrowth.com"
209.42.27.148 - - [16/Jul/2026:22:45:11 +0000] "POST /wp-cron.php?doing_wp_cron=1784241911.5364530086517333984375 HTTP/1.1" 200 0 "-" "WordPress/7.0.1; https://wilson.everestpeakgrowth.com"
74.7.242.40 - - [16/Jul/2026:22:45:10 +0000] "GET /sitemap310.xml HTTP/2" 404 14542 "-" "Mozilla/5.0 AppleWebKit/537.36 (KHTML, like Gecko; compatible; GPTBot/1.4; +https://openai.com/gptbot)"
74.7.242.40 - - [16/Jul/2026:22:48:18 +0000] "GET /sitemap550.xml HTTP/2" 404 14542 "-" "Mozilla/5.0 AppleWebKit/537.36 (KHTML, like Gecko; compatible; GPTBot/1.4; +https://openai.com/gptbot)"
209.42.27.148 - - [16/Jul/2026:22:48:19 +0000] "POST /wp-cron.php?doing_wp_cron=1784242099.3188910484313964843750 HTTP/1.1" 200 0 "-" "WordPress/7.0.1; https://wilson.everestpeakgrowth.com"
74.7.242.40 - - [16/Jul/2026:22:48:47 +0000] "GET /sitemap563.xml HTTP/2" 404 14542 "-" "Mozilla/5.0 AppleWebKit/537.36 (KHTML, like Gecko; compatible; GPTBot/1.4; +https://openai.com/gptbot)"
209.42.27.148 - - [16/Jul/2026:22:48:48 +0000] "POST /wp-cron.php?doing_wp_cron=1784242128.4048790931701660156250 HTTP/1.1" 200 0 "-" "WordPress/7.0.1; https://wilson.everestpeakgrowth.com"
74.7.242.40 - - [16/Jul/2026:22:50:49 +0000] "GET /sitemap435.xml HTTP/2" 404 14542 "-" "Mozilla/5.0 AppleWebKit/537.36 (KHTML, like Gecko; compatible; GPTBot/1.4; +https://openai.com/gptbot)"
209.42.27.148 - - [16/Jul/2026:22:50:50 +0000] "POST /wp-cron.php?doing_wp_cron=1784242250.0376260280609130859375 HTTP/1.1" 200 0 "-" "WordPress/7.0.1; https://wilson.everestpeakgrowth.com"
74.7.242.40 - - [16/Jul/2026:22:50:58 +0000] "GET /sitemap319.xml HTTP/2" 404 14543 "-" "Mozilla/5.0 AppleWebKit/537.36 (KHTML, like Gecko; compatible; GPTBot/1.4; +https://openai.com/gptbot)"
74.7.242.40 - - [16/Jul/2026:22:51:31 +0000] "GET /sitemap625.xml HTTP/2" 404 14542 "-" "Mozilla/5.0 AppleWebKit/537.36 (KHTML, like Gecko; compatible; GPTBot/1.4; +https://openai.com/gptbot)"
209.42.27.148 - - [16/Jul/2026:22:51:32 +0000] "POST /wp-cron.php?doing_wp_cron=1784242292.2473759651184082031250 HTTP/1.1" 200 0 "-" "WordPress/7.0.1; https://wilson.everestpeakgrowth.com"
74.7.242.40 - - [16/Jul/2026:22:51:39 +0000] "GET /sitemap228.xml HTTP/2" 404 14543 "-" "Mozilla/5.0 AppleWebKit/537.36 (KHTML, like Gecko; compatible; GPTBot/1.4; +https://openai.com/gptbot)"
216.73.216.11 - - [16/Jul/2026:23:36:33 +0000] "GET /robots.txt HTTP/2" 200 146 "-" "Mozilla/5.0 AppleWebKit/537.36 (KHTML, like Gecko; compatible; ClaudeBot/1.0; +claudebot@anthropic.com)"
209.42.27.148 - - [16/Jul/2026:23:36:34 +0000] "POST /wp-cron.php?doing_wp_cron=1784244994.5275421142578125000000 HTTP/1.1" 200 0 "-" "WordPress/7.0.1; https://wilson.everestpeakgrowth.com"
216.73.216.11 - - [16/Jul/2026:23:36:33 +0000] "GET /sitemap310.xml HTTP/2" 404 14542 "-" "Mozilla/5.0 AppleWebKit/537.36 (KHTML, like Gecko; compatible; ClaudeBot/1.0; +claudebot@anthropic.com)"
209.42.27.148 - - [16/Jul/2026:23:41:32 +0000] "POST /wp-cron.php?doing_wp_cron=1784245292.3236749172210693359375 HTTP/1.1" 200 0 "-" "WordPress/7.0.1; https://wilson.everestpeakgrowth.com"
216.73.216.11 - - [16/Jul/2026:23:41:31 +0000] "GET /sitemap521.xml HTTP/2" 404 14542 "-" "Mozilla/5.0 AppleWebKit/537.36 (KHTML, like Gecko; compatible; ClaudeBot/1.0; +claudebot@anthropic.com)"
216.73.216.11 - - [16/Jul/2026:23:41:57 +0000] "GET /sitemap563.xml HTTP/2" 404 14543 "-" "Mozilla/5.0 AppleWebKit/537.36 (KHTML, like Gecko; compatible; ClaudeBot/1.0; +claudebot@anthropic.com)"
216.73.216.11 - - [16/Jul/2026:23:42:31 +0000] "GET /sitemap319.xml HTTP/2" 404 14542 "-" "Mozilla/5.0 AppleWebKit/537.36 (KHTML, like Gecko; compatible; ClaudeBot/1.0; +claudebot@anthropic.com)"
209.42.27.148 - - [16/Jul/2026:23:42:32 +0000] "POST /wp-cron.php?doing_wp_cron=1784245352.0890688896179199218750 HTTP/1.1" 200 0 "-" "WordPress/7.0.1; https://wilson.everestpeakgrowth.com"
216.73.216.11 - - [16/Jul/2026:23:42:38 +0000] "GET /sitemap228.xml HTTP/2" 404 14543 "-" "Mozilla/5.0 AppleWebKit/537.36 (KHTML, like Gecko; compatible; ClaudeBot/1.0; +claudebot@anthropic.com)"
216.73.216.11 - - [16/Jul/2026:23:42:38 +0000] "GET /sitemap625.xml HTTP/2" 404 14543 "-" "Mozilla/5.0 AppleWebKit/537.36 (KHTML, like Gecko; compatible; ClaudeBot/1.0; +claudebot@anthropic.com)"
216.73.216.11 - - [16/Jul/2026:23:43:22 +0000] "GET /sitemap471.xml HTTP/2" 404 14543 "-" "Mozilla/5.0 AppleWebKit/537.36 (KHTML, like Gecko; compatible; ClaudeBot/1.0; +claudebot@anthropic.com)"
216.73.216.11 - - [16/Jul/2026:23:43:27 +0000] "GET /sitemap627.xml HTTP/2" 404 14543 "-" "Mozilla/5.0 AppleWebKit/537.36 (KHTML, like Gecko; compatible; ClaudeBot/1.0; +claudebot@anthropic.com)"
216.73.216.11 - - [16/Jul/2026:23:44:29 +0000] "GET /sitemap841.xml HTTP/2" 404 14542 "-" "Mozilla/5.0 AppleWebKit/537.36 (KHTML, like Gecko; compatible; ClaudeBot/1.0; +claudebot@anthropic.com)"
209.42.27.148 - - [16/Jul/2026:23:44:30 +0000] "POST /wp-cron.php?doing_wp_cron=1784245470.4620709419250488281250 HTTP/1.1" 200 0 "-" "WordPress/7.0.1; https://wilson.everestpeakgrowth.com"
216.73.216.11 - - [16/Jul/2026:23:44:44 +0000] "GET /sitemap435.xml HTTP/2" 404 14543 "-" "Mozilla/5.0 AppleWebKit/537.36 (KHTML, like Gecko; compatible; ClaudeBot/1.0; +claudebot@anthropic.com)"
216.73.216.11 - - [16/Jul/2026:23:45:00 +0000] "GET /sitemap749.xml HTTP/2" 404 14543 "-" "Mozilla/5.0 AppleWebKit/537.36 (KHTML, like Gecko; compatible; ClaudeBot/1.0; +claudebot@anthropic.com)"
216.73.216.11 - - [16/Jul/2026:23:45:23 +0000] "GET /sitemap734.xml HTTP/2" 404 14543 "-" "Mozilla/5.0 AppleWebKit/537.36 (KHTML, like Gecko; compatible; ClaudeBot/1.0; +claudebot@anthropic.com)"
216.73.216.11 - - [16/Jul/2026:23:46:35 +0000] "GET /sitemap781.xml HTTP/2" 404 14542 "-" "Mozilla/5.0 AppleWebKit/537.36 (KHTML, like Gecko; compatible; ClaudeBot/1.0; +claudebot@anthropic.com)"
209.42.27.148 - - [16/Jul/2026:23:46:37 +0000] "POST /wp-cron.php?doing_wp_cron=1784245597.1256659030914306640625 HTTP/1.1" 200 0 "-" "WordPress/7.0.1; https://wilson.everestpeakgrowth.com"
216.73.216.11 - - [16/Jul/2026:23:46:36 +0000] "GET /sitemap743.xml HTTP/2" 404 14543 "-" "Mozilla/5.0 AppleWebKit/537.36 (KHTML, like Gecko; compatible; ClaudeBot/1.0; +claudebot@anthropic.com)"
216.73.216.11 - - [16/Jul/2026:23:46:41 +0000] "GET /sitemap823.xml HTTP/2" 404 14543 "-" "Mozilla/5.0 AppleWebKit/537.36 (KHTML, like Gecko; compatible; ClaudeBot/1.0; +claudebot@anthropic.com)"
216.73.216.11 - - [16/Jul/2026:23:46:55 +0000] "GET /sitemap585.xml HTTP/2" 404 14543 "-" "Mozilla/5.0 AppleWebKit/537.36 (KHTML, like Gecko; compatible; ClaudeBot/1.0; +claudebot@anthropic.com)"
216.73.216.11 - - [16/Jul/2026:23:47:11 +0000] "GET /sitemap811.xml HTTP/2" 404 14543 "-" "Mozilla/5.0 AppleWebKit/537.36 (KHTML, like Gecko; compatible; ClaudeBot/1.0; +claudebot@anthropic.com)"
209.42.27.148 - - [16/Jul/2026:23:48:46 +0000] "POST /wp-cron.php?doing_wp_cron=1784245725.9398729801177978515625 HTTP/1.1" 200 0 "-" "WordPress/7.0.1; https://wilson.everestpeakgrowth.com"
216.73.216.11 - - [16/Jul/2026:23:48:45 +0000] "GET /sitemap453.xml HTTP/2" 404 14543 "-" "Mozilla/5.0 AppleWebKit/537.36 (KHTML, like Gecko; compatible; ClaudeBot/1.0; +claudebot@anthropic.com)"
216.73.216.11 - - [16/Jul/2026:23:48:55 +0000] "GET /sitemap425.xml HTTP/2" 404 14543 "-" "Mozilla/5.0 AppleWebKit/537.36 (KHTML, like Gecko; compatible; ClaudeBot/1.0; +claudebot@anthropic.com)"
216.73.216.11 - - [16/Jul/2026:23:49:13 +0000] "GET /sitemap550.xml HTTP/2" 404 14543 "-" "Mozilla/5.0 AppleWebKit/537.36 (KHTML, like Gecko; compatible; ClaudeBot/1.0; +claudebot@anthropic.com)"